{"id":9892,"date":"2022-12-27T12:20:49","date_gmt":"2022-12-27T11:20:49","guid":{"rendered":"https:\/\/izlozba.dizajn.hr\/2122\/ziri\/ajdin-basic\/"},"modified":"2022-12-27T12:36:59","modified_gmt":"2022-12-27T11:36:59","slug":"ajdin-basic","status":"publish","type":"page","link":"https:\/\/izlozba.dizajn.hr\/2122\/ziri\/ajdin-basic\/","title":{"rendered":"Ajdin Ba\u0161i\u0107"},"content":{"rendered":"<p><strong>Ajdin Ba\u0161i\u0107<\/strong> ro\u0111en je 1978. u Sarajevu u Bosni i Hercegovini. Do 2000. godine radio je za sarajevski Centar za suvremenu umjetnost te za njegov medijski centar Pro.ba, a od 2001. \u017eivi i radi u Ljubljani u Sloveniji. Tri godine radio je kao dizajner za agenciju Parsek na razli\u010ditim projektima za \u0161irok raspon klijenata, uklju\u010duju\u0107i Renault, Peugeot, Elan, Sadar Vuga Architects, Ministarstvo kulture Republike Slovenije i niz drugih. Diplomirao je Odsjeku za dizajn Akademije likovnih umjetnosti u Ljubljani 2007. Od 2005. do 2008. osniva\u010d je i \u010dlan Grupe Ee. Od 2016. je programski selektor Festivala Indigo u Ljubljani te \u010dlan Upravnog odbora Fundacije Brumen. Djeluje kao freelance dizajner i fokusira se na dizajn za umjetni\u010dke i kulturne institucije u Sloveniji i inozemstvu.<\/p>\n","protected":false},"excerpt":{"rendered":"<p>Ajdin Ba\u0161i\u0107 ro\u0111en je 1978. u Sarajevu u Bosni i Hercegovini. Do 2000. godine radio je za sarajevski Centar za suvremenu umjetnost te za njegov medijski centar Pro.ba, a od 2001. \u017eivi i radi u Ljubljani u Sloveniji. Tri godine radio je kao dizajner za agenciju Parsek na razli\u010ditim projektima za \u0161irok raspon klijenata, uklju\u010duju\u0107i [&hellip;]<\/p>\n","protected":false},"author":1,"featured_media":9894,"parent":8593,"menu_order":1,"comment_status":"closed","ping_status":"closed","template":"templates\/template--jury-single.php","meta":{"footnotes":""},"_links":{"self":[{"href":"https:\/\/izlozba.dizajn.hr\/2122\/wp-json\/wp\/v2\/pages\/9892"}],"collection":[{"href":"https:\/\/izlozba.dizajn.hr\/2122\/wp-json\/wp\/v2\/pages"}],"about":[{"href":"https:\/\/izlozba.dizajn.hr\/2122\/wp-json\/wp\/v2\/types\/page"}],"author":[{"embeddable":true,"href":"https:\/\/izlozba.dizajn.hr\/2122\/wp-json\/wp\/v2\/users\/1"}],"replies":[{"embeddable":true,"href":"https:\/\/izlozba.dizajn.hr\/2122\/wp-json\/wp\/v2\/comments?post=9892"}],"version-history":[{"count":1,"href":"https:\/\/izlozba.dizajn.hr\/2122\/wp-json\/wp\/v2\/pages\/9892\/revisions"}],"predecessor-version":[{"id":9893,"href":"https:\/\/izlozba.dizajn.hr\/2122\/wp-json\/wp\/v2\/pages\/9892\/revisions\/9893"}],"up":[{"embeddable":true,"href":"https:\/\/izlozba.dizajn.hr\/2122\/wp-json\/wp\/v2\/pages\/8593"}],"wp:featuredmedia":[{"embeddable":true,"href":"https:\/\/izlozba.dizajn.hr\/2122\/wp-json\/wp\/v2\/media\/9894"}],"wp:attachment":[{"href":"https:\/\/izlozba.dizajn.hr\/2122\/wp-json\/wp\/v2\/media?parent=9892"}],"curies":[{"name":"wp","href":"https:\/\/api.w.org\/{rel}","templated":true}]}}

Ajdin Bašić

<p><strong>Ajdin Bašić</strong> rođen je 1978. u Sarajevu u Bosni i Hercegovini. Do 2000. godine radio je za sarajevski Centar za suvremenu umjetnost te za njegov medijski centar Pro.ba, a od 2001. živi i radi u Ljubljani u Sloveniji. Tri godine radio je kao dizajner za agenciju Parsek na različitim projektima za širok raspon klijenata, uključujući Renault, Peugeot, Elan, Sadar Vuga Architects, Ministarstvo kulture Republike Slovenije i niz drugih. Diplomirao je Odsjeku za dizajn Akademije likovnih umjetnosti u Ljubljani 2007. Od 2005. do 2008. osnivač je i član Grupe Ee. Od 2016. je programski selektor Festivala Indigo u Ljubljani te član Upravnog odbora Fundacije Brumen. Djeluje kao freelance dizajner i fokusira se na dizajn za umjetničke i kulturne institucije u Sloveniji i inozemstvu.</p>

<p>Ajdin Bašić rođen je 1978. u Sarajevu u Bosni i Hercegovini. Do 2000. godine radio je za sarajevski Centar za suvremenu umjetnost te za njegov medijski centar Pro.ba, a od 2001. živi i radi u Ljubljani u Sloveniji. Tri godine radio je kao dizajner za agenciju Parsek na različitim projektima za širok raspon klijenata, uključujući [&hellip;]</p>
