{"id":9872,"date":"2022-12-27T12:07:15","date_gmt":"2022-12-27T11:07:15","guid":{"rendered":"https:\/\/izlozba.dizajn.hr\/2122\/ziri\/kostas-medugorac\/"},"modified":"2022-12-27T12:37:22","modified_gmt":"2022-12-27T11:37:22","slug":"kostas-medugorac","status":"publish","type":"page","link":"https:\/\/izlozba.dizajn.hr\/2122\/ziri\/kostas-medugorac\/","title":{"rendered":"Kostas Medugorac"},"content":{"rendered":"<p><strong>Kostas Medugorac<\/strong> njema\u010dki je industrijski dizajner i profesor dizajna. Odrastaju\u0107i kao sin dizajnera s HfG u Ulmu (Hochschule f\u00fcr Gestaltung Ulm), bio je u bliskom kontaktu s dizajnom od vrlo rane dobi. Nakon studija na Dr\u017eavnoj akademiji likovnih umjetnosti u Stuttgartu kod Richarda Sappera i Kurta Weidemanna te sta\u017eiranja u Thonetu (Frankenberg), otvorio je vlastiti studio. Kreirao je proizvode u rasponu od namje\u0161taja, dizajna interijera do slo\u017eenih medicinskih proizvoda, dizajna prijevoza i dizajna kapitalnih dobara. Radi s poznatim klijentima kao \u0161to su Mercedes-Benz, Abus, Mettler-Toledo i Carl Zeiss Meditec. Uz posao dizajnera, strastveni je u\u010ditelj i kreativni trener. Kao profesor dizajna, istra\u017euje u podru\u010djima odr\u017eivosti u dizajnu, materijalima i dizajnu usmjerenom na \u010dovjeka za globalne tvrtke. U svom radnom vijeku \u010desto je nagra\u0111ivan za svoj rad, posljednji s nagradom Red Dot \u201eBest of the Best\u201c u kategoriji industrijskog dizajna. Od 2020. godine profesor je dizajna i voditelj odjela za tehni\u010dki dizajn na Institutu za tehnologiju u Deggendorfu.<\/p>\n","protected":false},"excerpt":{"rendered":"<p>Kostas Medugorac njema\u010dki je industrijski dizajner i profesor dizajna. Odrastaju\u0107i kao sin dizajnera s HfG u Ulmu (Hochschule f\u00fcr Gestaltung Ulm), bio je u bliskom kontaktu s dizajnom od vrlo rane dobi. Nakon studija na Dr\u017eavnoj akademiji likovnih umjetnosti u Stuttgartu kod Richarda Sappera i Kurta Weidemanna te sta\u017eiranja u Thonetu (Frankenberg), otvorio je vlastiti [&hellip;]<\/p>\n","protected":false},"author":1,"featured_media":9902,"parent":8593,"menu_order":4,"comment_status":"closed","ping_status":"closed","template":"templates\/template--jury-single.php","meta":{"footnotes":""},"_links":{"self":[{"href":"https:\/\/izlozba.dizajn.hr\/2122\/wp-json\/wp\/v2\/pages\/9872"}],"collection":[{"href":"https:\/\/izlozba.dizajn.hr\/2122\/wp-json\/wp\/v2\/pages"}],"about":[{"href":"https:\/\/izlozba.dizajn.hr\/2122\/wp-json\/wp\/v2\/types\/page"}],"author":[{"embeddable":true,"href":"https:\/\/izlozba.dizajn.hr\/2122\/wp-json\/wp\/v2\/users\/1"}],"replies":[{"embeddable":true,"href":"https:\/\/izlozba.dizajn.hr\/2122\/wp-json\/wp\/v2\/comments?post=9872"}],"version-history":[{"count":2,"href":"https:\/\/izlozba.dizajn.hr\/2122\/wp-json\/wp\/v2\/pages\/9872\/revisions"}],"predecessor-version":[{"id":9886,"href":"https:\/\/izlozba.dizajn.hr\/2122\/wp-json\/wp\/v2\/pages\/9872\/revisions\/9886"}],"up":[{"embeddable":true,"href":"https:\/\/izlozba.dizajn.hr\/2122\/wp-json\/wp\/v2\/pages\/8593"}],"wp:featuredmedia":[{"embeddable":true,"href":"https:\/\/izlozba.dizajn.hr\/2122\/wp-json\/wp\/v2\/media\/9902"}],"wp:attachment":[{"href":"https:\/\/izlozba.dizajn.hr\/2122\/wp-json\/wp\/v2\/media?parent=9872"}],"curies":[{"name":"wp","href":"https:\/\/api.w.org\/{rel}","templated":true}]}}