{"id":9870,"date":"2022-12-27T12:07:15","date_gmt":"2022-12-27T11:07:15","guid":{"rendered":"https:\/\/izlozba.dizajn.hr\/2122\/ziri\/dario-devic\/"},"modified":"2022-12-27T12:37:00","modified_gmt":"2022-12-27T11:37:00","slug":"dario-devic","status":"publish","type":"page","link":"https:\/\/izlozba.dizajn.hr\/2122\/ziri\/dario-devic\/","title":{"rendered":"Dario Devi\u0107"},"content":{"rendered":"<p><strong>Dario Devi\u0107<\/strong> (Zagreb, 1987.) titulu je magistra dizajna stekao na zagreba\u010dkom Studiju dizajna 2010., a posljednje je tri godine studiranja u nastavi sudjelovao i kao demonstrator na kolegiju\u00a0<em>Tipografija<\/em>\u00a0koji su tada predavali Nikola \u0110urek i Damir Brali\u0107. Tijekom studija i nakon diplome radi kao\u00a0<em>freelancer<\/em>\u00a0\u2014 do 2016. u suradnji s Hrvojem \u017div\u010di\u0107em na poslovima vezanim uz nezavisnu kulturu, a nadalje i sam, najzapa\u017eenije u suradnji s Hrvatskim narodnim kazali\u0161tem u Zagrebu, Kinoklubom Zagreb, Galerijom Mo\u010dvara, Mini Teatrom u Ljubljani i brojnim srodnim subjektima na spektru od institucionalne do nezavisne kulture. U tom je periodu nagra\u0111en Nagradama HDD-a, ZGRAF-a, Hrvatskoga trijenala ilustracije, a uz \u017div\u010di\u0107a je 2011. uvr\u0161ten i na popis &#8220;20 najboljih mladih vizualnih umjetnika ispod 30&#8221; po izboru njujor\u0161kog \u010dasopisa Print. U o\u017eujku 2021. zapo\u0161ljava se kao Lead Designer u zagreba\u010dkoj agenciji 404, gdje osim sudjelovanja u vi\u0161estruko nagra\u0111ivanim kampanjama poput\u00a0<em>Aj ti razvali!<\/em>\u00a0za Croatia osiguranje i logopedskoj aplikaciji\u00a0<em>BaDaBum<\/em>\u00a0radi i na\u00a0suvremenim projektima interne edukacije \u2014 na koje je posebno ponosan.<\/p>\n","protected":false},"excerpt":{"rendered":"<p>Dario Devi\u0107 (Zagreb, 1987.) titulu je magistra dizajna stekao na zagreba\u010dkom Studiju dizajna 2010., a posljednje je tri godine studiranja u nastavi sudjelovao i kao demonstrator na kolegiju\u00a0Tipografija\u00a0koji su tada predavali Nikola \u0110urek i Damir Brali\u0107. Tijekom studija i nakon diplome radi kao\u00a0freelancer\u00a0\u2014 do 2016. u suradnji s Hrvojem \u017div\u010di\u0107em na poslovima vezanim uz nezavisnu [&hellip;]<\/p>\n","protected":false},"author":1,"featured_media":9898,"parent":8593,"menu_order":2,"comment_status":"closed","ping_status":"closed","template":"templates\/template--jury-single.php","meta":{"footnotes":""},"_links":{"self":[{"href":"https:\/\/izlozba.dizajn.hr\/2122\/wp-json\/wp\/v2\/pages\/9870"}],"collection":[{"href":"https:\/\/izlozba.dizajn.hr\/2122\/wp-json\/wp\/v2\/pages"}],"about":[{"href":"https:\/\/izlozba.dizajn.hr\/2122\/wp-json\/wp\/v2\/types\/page"}],"author":[{"embeddable":true,"href":"https:\/\/izlozba.dizajn.hr\/2122\/wp-json\/wp\/v2\/users\/1"}],"replies":[{"embeddable":true,"href":"https:\/\/izlozba.dizajn.hr\/2122\/wp-json\/wp\/v2\/comments?post=9870"}],"version-history":[{"count":3,"href":"https:\/\/izlozba.dizajn.hr\/2122\/wp-json\/wp\/v2\/pages\/9870\/revisions"}],"predecessor-version":[{"id":9887,"href":"https:\/\/izlozba.dizajn.hr\/2122\/wp-json\/wp\/v2\/pages\/9870\/revisions\/9887"}],"up":[{"embeddable":true,"href":"https:\/\/izlozba.dizajn.hr\/2122\/wp-json\/wp\/v2\/pages\/8593"}],"wp:featuredmedia":[{"embeddable":true,"href":"https:\/\/izlozba.dizajn.hr\/2122\/wp-json\/wp\/v2\/media\/9898"}],"wp:attachment":[{"href":"https:\/\/izlozba.dizajn.hr\/2122\/wp-json\/wp\/v2\/media?parent=9870"}],"curies":[{"name":"wp","href":"https:\/\/api.w.org\/{rel}","templated":true}]}}

Dario Dević

<p><strong>Dario Dević</strong> (Zagreb, 1987.) titulu je magistra dizajna stekao na zagrebačkom Studiju dizajna 2010., a posljednje je tri godine studiranja u nastavi sudjelovao i kao demonstrator na kolegiju <em>Tipografija</em> koji su tada predavali Nikola Đurek i Damir Bralić. Tijekom studija i nakon diplome radi kao <em>freelancer</em> — do 2016. u suradnji s Hrvojem Živčićem na poslovima vezanim uz nezavisnu kulturu, a nadalje i sam, najzapaženije u suradnji s Hrvatskim narodnim kazalištem u Zagrebu, Kinoklubom Zagreb, Galerijom Močvara, Mini Teatrom u Ljubljani i brojnim srodnim subjektima na spektru od institucionalne do nezavisne kulture. U tom je periodu nagrađen Nagradama HDD-a, ZGRAF-a, Hrvatskoga trijenala ilustracije, a uz Živčića je 2011. uvršten i na popis &#8220;20 najboljih mladih vizualnih umjetnika ispod 30&#8221; po izboru njujorškog časopisa Print. U ožujku 2021. zapošljava se kao Lead Designer u zagrebačkoj agenciji 404, gdje osim sudjelovanja u višestruko nagrađivanim kampanjama poput <em>Aj ti razvali!</em> za Croatia osiguranje i logopedskoj aplikaciji <em>BaDaBum</em> radi i na suvremenim projektima interne edukacije — na koje je posebno ponosan.</p>

<p>Dario Dević (Zagreb, 1987.) titulu je magistra dizajna stekao na zagrebačkom Studiju dizajna 2010., a posljednje je tri godine studiranja u nastavi sudjelovao i kao demonstrator na kolegiju Tipografija koji su tada predavali Nikola Đurek i Damir Bralić. Tijekom studija i nakon diplome radi kao freelancer — do 2016. u suradnji s Hrvojem Živčićem na poslovima vezanim uz nezavisnu [&hellip;]</p>
