{"id":9869,"date":"2022-12-27T12:07:15","date_gmt":"2022-12-27T11:07:15","guid":{"rendered":"https:\/\/izlozba.dizajn.hr\/2122\/ziri\/cvetka-pozar\/"},"modified":"2022-12-27T12:36:59","modified_gmt":"2022-12-27T11:36:59","slug":"cvetka-pozar","status":"publish","type":"page","link":"https:\/\/izlozba.dizajn.hr\/2122\/ziri\/cvetka-pozar\/","title":{"rendered":"Cvetka Po\u017ear"},"content":{"rendered":"<p><strong>CVETKA PO\u017dAR<\/strong> je povjesni\u010darka umjetnosti i kustosica u Muzeju arhitekture i dizajna (MAO) u Ljubljani, Slovenija, s doktoratom znanosti iz podru\u010dja razvoja i teorije dizajna. Polje njezina istra\u017eivanja je dizajn, posebice vizualne komunikacije. U novije vrijeme bavi se i istra\u017eivanjem dizajna interijera i arhitekture. Redovito objavljuje \u010dlanke, knjige i kataloge te predaje na stru\u010dnim skupovima. Autorica je izlo\u017ebe i knjige <em>Stolje\u0107e plakata: Slovenski dizajn plakata u 20. stolje\u0107u<\/em> (2015.) te izlo\u017ebe i knjige <em>Do bira\u010dkih mjesta! Plakat kao politi\u010dki medij u Sloveniji 1945\u20131999. <\/em>Ko-kurirala je nekoliko izlo\u017ebi, najrecentnije izlo\u017ebu <em>Jo\u017ee Brumen: Modernisti\u010dki dizajner i poznavatelj umjetnosti<\/em> (2021.), <em>Svijet iznutra: Dizajniranje modernih interijera<\/em>, <em>od 1930. do danas<\/em> (2021.), <em>Made In: Craft \u2013 Design Narratives <\/em>(2020.), <em>Umjetnost za svaki dan: Modernisti\u010dki dizajn stakla u Sloveniji<\/em> (2017.), <em>BIO 50: 3, 2, 1, \u2026TEST<\/em> i <em>BIO 50: Bijenale (industrijskog) dizajna kroz pedeset godina<\/em> (2014.), <em>Dizajniranje Republike: Arhitektura, dizajn i fotografija u Sloveniji, 1991. \u2013 2011.<\/em> (2011.) i <em>Iskra: Dizajn nesvrstanih 1946. \u2013 1990.<\/em>\u00a0(2009.). Suurednica je knjiga <em>Architectural Epicentres: Inventing Architecture, Intervening in Reality<\/em> (2008.), <em>Sustainable Alternatives in Design: It\u2019s High Time we Start Losing Time<\/em> (2009.), <em>Project Architecture: Creative Practice in the Time of Global Capitalism<\/em> (2010.) i <em>On Information Design<\/em> (2013.), koje se temelje na ciklusu predavanja koja je suorganizirala u MAO.<\/p>\n","protected":false},"excerpt":{"rendered":"<p>CVETKA PO\u017dAR je povjesni\u010darka umjetnosti i kustosica u Muzeju arhitekture i dizajna (MAO) u Ljubljani, Slovenija, s doktoratom znanosti iz podru\u010dja razvoja i teorije dizajna. Polje njezina istra\u017eivanja je dizajn, posebice vizualne komunikacije. U novije vrijeme bavi se i istra\u017eivanjem dizajna interijera i arhitekture. Redovito objavljuje \u010dlanke, knjige i kataloge te predaje na stru\u010dnim skupovima. [&hellip;]<\/p>\n","protected":false},"author":1,"featured_media":9896,"parent":8593,"menu_order":1,"comment_status":"closed","ping_status":"closed","template":"templates\/template--jury-single.php","meta":{"footnotes":""},"_links":{"self":[{"href":"https:\/\/izlozba.dizajn.hr\/2122\/wp-json\/wp\/v2\/pages\/9869"}],"collection":[{"href":"https:\/\/izlozba.dizajn.hr\/2122\/wp-json\/wp\/v2\/pages"}],"about":[{"href":"https:\/\/izlozba.dizajn.hr\/2122\/wp-json\/wp\/v2\/types\/page"}],"author":[{"embeddable":true,"href":"https:\/\/izlozba.dizajn.hr\/2122\/wp-json\/wp\/v2\/users\/1"}],"replies":[{"embeddable":true,"href":"https:\/\/izlozba.dizajn.hr\/2122\/wp-json\/wp\/v2\/comments?post=9869"}],"version-history":[{"count":2,"href":"https:\/\/izlozba.dizajn.hr\/2122\/wp-json\/wp\/v2\/pages\/9869\/revisions"}],"predecessor-version":[{"id":9885,"href":"https:\/\/izlozba.dizajn.hr\/2122\/wp-json\/wp\/v2\/pages\/9869\/revisions\/9885"}],"up":[{"embeddable":true,"href":"https:\/\/izlozba.dizajn.hr\/2122\/wp-json\/wp\/v2\/pages\/8593"}],"wp:featuredmedia":[{"embeddable":true,"href":"https:\/\/izlozba.dizajn.hr\/2122\/wp-json\/wp\/v2\/media\/9896"}],"wp:attachment":[{"href":"https:\/\/izlozba.dizajn.hr\/2122\/wp-json\/wp\/v2\/media?parent=9869"}],"curies":[{"name":"wp","href":"https:\/\/api.w.org\/{rel}","templated":true}]}}