{"id":8589,"date":"2022-10-14T18:56:30","date_gmt":"2022-10-14T16:56:30","guid":{"rendered":"https:\/\/izlozba.dizajn.hr\/2122\/?page_id=8589"},"modified":"2022-12-27T17:29:08","modified_gmt":"2022-12-27T16:29:08","slug":"o-izlozbi","status":"publish","type":"page","link":"https:\/\/izlozba.dizajn.hr\/2122\/o-izlozbi\/","title":{"rendered":"O izlo\u017ebi"},"content":{"rendered":"<p>Izlo\u017eba hrvatskog dizajna\u00a0sredi\u0161nja je i najva\u017enija strukovna dizajnerska manifestacija u Hrvatskoj koja okuplja najkvalitetnije dizajnerske radove nastale tijekom dvogodi\u0161njeg razdoblja u svim podru\u010djima dizajnerskog djelovanja, uklju\u010duju\u0107i dizajn vizualnih komunikacija i grafi\u010dki dizajn, industrijski dizajn, dizajn ambala\u017ee, dizajn prostornih intervencija i sustava, dizajn interakcija i elektroni\u010dkih medija, kriti\u010dki, odnosno konceptualni dizajn, modni i odjevni dizajn itd. Osim \u0161to od 1999. godine predstavlja najbolje od profesionalne produkcije hrvatskih dizajnera, dizajnerskih studija i agencija, izlo\u017eba uklju\u010duje i studentsku sekciju koja daje uvid u sva aktualna postignu\u0107a u visoko\u0161kolskoj dizajnerskoj edukaciji. Izlo\u017eba \u0107e se ove godine po prvi put odr\u017eati u novom prostoru, <strong>Laubi \u2013 ku\u0107i za ljude i umjetnost<\/strong>, nakon 10 godina suradnje s Muzejom za umjetnost i obrt koji je zbog o\u0161te\u0107enja nastalih u potresu u procesu obnove.<\/p>\n<p>Radovi prijavljeni na ovu izlo\u017ebu prolaze strogu kriti\u010dku selekciju koju provodi Selekcijska komisija i Me\u0111unarodni ocjenjiva\u010dki sud sastavljen od nekih od najve\u0107ih autoriteta u razli\u010ditim podru\u010djima profesionalnog dizajnerskog djelovanja, uklju\u010duju\u0107i ne samo dizajnere nego i kustose, kriti\u010dare i teoreti\u010dare dizajna. O odabiru radova i nagradama odlu\u010duje Selekcijska komisija i Me\u0111unarodni ocjenjiva\u010dki sud u sastavu\u00a0<strong>Robert \u010canak<\/strong>, <strong>Dario Devi\u0107<\/strong>, <strong>Nata\u0161a Njegovanovi\u0107<\/strong>, <strong>Luka Peri\u0107<\/strong>, <strong>Cvetka Po\u017ear (Slovenija)<\/strong>, <strong>Zlatka Salopek Radi\u0107<\/strong> i <strong>Juraj Zigman<\/strong>, <strong>Ajdin Ba\u0161i\u0107 (Slovenija)<\/strong> i <strong>Kostas Medugorac (Njema\u010dka)<\/strong>.<\/p>\n<p>Ovogodi\u0161nje kategorije su:\u00a0Dizajn vizualnih komunikacija,\u00a0Industrijski \/ produkt dizajn,\u00a0Dizajn u digitalnim medijima i dizajn interakcija,\u00a0Dizajn ambala\u017ee,\u00a0Modni i odjevni dizajn,\u00a0Prostorne i grafi\u010dke intervencije i sistemi,\u00a0Cjeloviti projekt \/ proizvod\u00a0te\u00a0Koncept \/ inicijativa \/ kriti\u010dki dizajn. Nagrade i Posebna priznanja HDD-a dodjeljuju se u svim kategorijama. Posebna <strong>Nagrada HDD-a za \u017eivotno djelo<\/strong> ove \u0107e godine biti dodijeljena dizajneru <strong>Borisu Ljubi\u010di\u0107u<\/strong>. Najboljem radu u selekciji za Izlo\u017ebu hrvatskog dizajna 21\/22 dodijelit \u0107e se i <strong>Velika nagrada Hrvatskog dizajnerskog dru\u0161tva<\/strong>.<\/p>\n<p>Na izlo\u017ebi \u0107e biti predstavljena i tiskana publikacija\u00a0Pregled hrvatskog dizajna 21\/22,\u00a0koja \u0107e na\u00a0500 stranica predstaviti radove selektirane za izlaganje u sklopu bijenalne\u00a0Izlo\u017ebe hrvatskog dizajna 21\/22. Publikacija predstavlja vi\u0161e od samog kataloga manifestacije. U prvom segmentu uklju\u010duje tekstove i intervjue doma\u0107ih i me\u0111unarodnih stru\u010dnjaka u podru\u010dju prakse, kritike i teorije dizajna, kako o teku\u0107im, tako i o metodolo\u0161kim, dru\u0161tvenim i kulturnim aspektima same dizajnerske prakse. Publikacije\u00a0Pregled hrvatskog dizajna\u00a0u tom su smislu nastojanje da se sada\u0161nji trenutak hrvatskog dizajna kontekstualizira, kriti\u010dki propita i arhivira. Drugi i najve\u0107i segment publikacije sadr\u017ei detaljan prikaz svih selektiranih radova u\u00a0osam\u00a0kategorija.\u00a0Osim grafi\u010dkih i fotografskih reprodukcija, svi radovi predstavljeni su i kratkim tekstovima koji obja\u0161njavaju polazi\u0161ta, ideje i proces realizacije projekata. Tre\u0107i segment publikacije prezentira aktivnosti Hrvatskog dizajnerskog dru\u0161tva u razdoblju izme\u0111u dvije bijenalne izlo\u017ebe.<\/p>\n","protected":false},"excerpt":{"rendered":"<p>Izlo\u017eba hrvatskog dizajna\u00a0sredi\u0161nja je i najva\u017enija strukovna dizajnerska manifestacija u Hrvatskoj koja okuplja najkvalitetnije dizajnerske radove nastale tijekom dvogodi\u0161njeg razdoblja u svim podru\u010djima dizajnerskog djelovanja, uklju\u010duju\u0107i dizajn vizualnih komunikacija i grafi\u010dki dizajn, industrijski dizajn, dizajn ambala\u017ee, dizajn prostornih intervencija i sustava, dizajn interakcija i elektroni\u010dkih medija, kriti\u010dki, odnosno konceptualni dizajn, modni i odjevni dizajn itd. [&hellip;]<\/p>\n","protected":false},"author":1,"featured_media":0,"parent":0,"menu_order":0,"comment_status":"closed","ping_status":"closed","template":"","meta":{"footnotes":""},"_links":{"self":[{"href":"https:\/\/izlozba.dizajn.hr\/2122\/wp-json\/wp\/v2\/pages\/8589"}],"collection":[{"href":"https:\/\/izlozba.dizajn.hr\/2122\/wp-json\/wp\/v2\/pages"}],"about":[{"href":"https:\/\/izlozba.dizajn.hr\/2122\/wp-json\/wp\/v2\/types\/page"}],"author":[{"embeddable":true,"href":"https:\/\/izlozba.dizajn.hr\/2122\/wp-json\/wp\/v2\/users\/1"}],"replies":[{"embeddable":true,"href":"https:\/\/izlozba.dizajn.hr\/2122\/wp-json\/wp\/v2\/comments?post=8589"}],"version-history":[{"count":3,"href":"https:\/\/izlozba.dizajn.hr\/2122\/wp-json\/wp\/v2\/pages\/8589\/revisions"}],"predecessor-version":[{"id":9944,"href":"https:\/\/izlozba.dizajn.hr\/2122\/wp-json\/wp\/v2\/pages\/8589\/revisions\/9944"}],"wp:attachment":[{"href":"https:\/\/izlozba.dizajn.hr\/2122\/wp-json\/wp\/v2\/media?parent=8589"}],"curies":[{"name":"wp","href":"https:\/\/api.w.org\/{rel}","templated":true}]}}