{"id":5589,"date":"2020-10-07T11:57:47","date_gmt":"2020-10-07T09:57:47","guid":{"rendered":"https:\/\/izlozba.dizajn.hr\/1920\/ziri\/john-l-walters-uk\/"},"modified":"2020-10-22T19:26:00","modified_gmt":"2020-10-22T17:26:00","slug":"john-l-walters-uk","status":"publish","type":"page","link":"https:\/\/izlozba.dizajn.hr\/1920\/ziri\/john-l-walters-uk\/","title":{"rendered":"John L. Walters (UK)"},"content":{"rendered":"<p><strong>John L. Walters<\/strong>\u00a0je urednik i suvlasnik (sa Simonom Estersonom) magazina\u00a0<em><strong>Eye<\/strong><\/em>, me\u0111unarodne revije grafi\u010dkog dizajna. Bio je glazbenik i glazbeni producent prije nego \u0161to je 90ih projektom\u00a0<em>Unknown Public<\/em>\u00a0u\u0161ao u sferu izdava\u0161tva. Osim za\u00a0<em>Eye<\/em>, pisao je za\u00a0<em>The Guardian<\/em>,\u00a0<em>Port<\/em>,\u00a0<em>Boat<\/em>,\u00a0<em>London Jazz News<\/em>, Varoom, Crafts, The Wire, AR, Pit i Jaguar. Kurirao je i kreirao programe mnogih doga\u0111anja povezanih s magazinom\u00a0<em>Eye<\/em>, uklju\u010duju\u0107i konferenciju\u00a0<em>Critical Tensions<\/em>, nekoliko \u2018arhivskih no\u0107i\u2019 (u Londonu, New Yorku i Amsterdamu), kao i redovni program\u00a0<em>Type Tuesdays<\/em>\u00a0u Knji\u017enici St Bride u Londonu.<\/p>\n<p>Uz magazin Eye, Walters je urednik i\u00a0<em>Pulpa<\/em>, \u010dasopisa koji\u00a0<em>Eye<\/em>\u00a0objavljuje za talijansku tvornicu papira Fedrigoni. Autor je monografije\u00a0<em>Alan Kitching: \u017divot u visokom tisku<\/em>\u00a0(Laurence King) i\u00a0<em>Pedeset vrsta pisma koji su promijenili svijet<\/em> (Design Museum). \u0160est je puta nominiran za Nagradu BSME (British Society of Magazine Editors), koju je i dobio 2002. i 2016. godine. U velja\u010di 2020. John L. Walters bio je jedan od gostiju predava\u010da na Plan D. konferenciji.<\/p>\n<blockquote><p>Pisci i urednici, kao i umjetni\u010dki direktori \u010dasopisa, ne bi trebali biti glavna pri\u010da. Svoje iskustvo i znanje unosimo u temu, ali \u010dasopis je za njegove \u010ditatelje \u2013 za koje pretpostavljamo da za svaki \u010dlanak ili kritiku \u017eele najbolje rije\u010di i najprikladnije fotografije. Stvaranje \u010dasopisa nije forma samoizra\u017eavanja. Rekav\u0161i to, uvijek \u0107e se na\u0107i dio osobnosti koji \u0107e se provu\u0107i, a to se doga\u0111a i u dizajniranju.<br \/>\n<strong>John L. Walters<\/strong><\/p><\/blockquote>\n<p>Cijeli intervju sa \u017eiratorom mo\u017eete prona\u0107i <a href=\"http:\/\/dizajn.hr\/blog\/johnwalters\/\">ovdje<\/a>.<\/p>\n","protected":false},"excerpt":{"rendered":"<p>John L. Walters\u00a0je urednik i suvlasnik (sa Simonom Estersonom) magazina\u00a0Eye, me\u0111unarodne revije grafi\u010dkog dizajna. Bio je glazbenik i glazbeni producent prije nego \u0161to je 90ih projektom\u00a0Unknown Public\u00a0u\u0161ao u sferu izdava\u0161tva. Osim za\u00a0Eye, pisao je za\u00a0The Guardian,\u00a0Port,\u00a0Boat,\u00a0London Jazz News, Varoom, Crafts, The Wire, AR, Pit i Jaguar. Kurirao je i kreirao programe mnogih doga\u0111anja povezanih s [&hellip;]<\/p>\n","protected":false},"author":1,"featured_media":5684,"parent":5397,"menu_order":9,"comment_status":"closed","ping_status":"closed","template":"templates\/template--jury-single.php","meta":{"footnotes":""},"yoast_head":"<!-- This site is optimized with the Yoast SEO plugin v21.9.1 - https:\/\/yoast.com\/wordpress\/plugins\/seo\/ -->\n<title>John L. Walters (UK) - 19\/20<\/title>\n<meta name=\"robots\" content=\"index, follow, max-snippet:-1, max-image-preview:large, max-video-preview:-1\" \/>\n<link rel=\"canonical\" href=\"https:\/\/izlozba.dizajn.hr\/1920\/ziri\/john-l-walters-uk\/\" \/>\n<meta property=\"og:locale\" content=\"hr_HR\" \/>\n<meta property=\"og:type\" content=\"article\" \/>\n<meta property=\"og:title\" content=\"John L. Walters (UK) - 19\/20\" \/>\n<meta property=\"og:description\" content=\"John L. Walters\u00a0je urednik i suvlasnik (sa Simonom Estersonom) magazina\u00a0Eye, me\u0111unarodne revije grafi\u010dkog dizajna. Bio je glazbenik i glazbeni producent prije nego \u0161to je 90ih projektom\u00a0Unknown Public\u00a0u\u0161ao u sferu izdava\u0161tva. Osim za\u00a0Eye, pisao je za\u00a0The Guardian,\u00a0Port,\u00a0Boat,\u00a0London Jazz News, Varoom, Crafts, The Wire, AR, Pit i Jaguar. Kurirao je i kreirao programe mnogih doga\u0111anja povezanih s [&hellip;]\" \/>\n<meta property=\"og:url\" content=\"https:\/\/izlozba.dizajn.hr\/1920\/ziri\/john-l-walters-uk\/\" \/>\n<meta property=\"og:site_name\" content=\"19\/20\" \/>\n<meta property=\"article:modified_time\" content=\"2020-10-22T17:26:00+00:00\" \/>\n<meta property=\"og:image\" content=\"https:\/\/izlozba.dizajn.hr\/1920\/wp-content\/uploads\/2020\/10\/John-Walters.jpg\" \/>\n\t<meta property=\"og:image:width\" content=\"600\" \/>\n\t<meta property=\"og:image:height\" content=\"900\" \/>\n\t<meta property=\"og:image:type\" content=\"image\/jpeg\" \/>\n<meta name=\"twitter:card\" content=\"summary_large_image\" \/>\n<meta name=\"twitter:label1\" content=\"Procijenjeno vrijeme \u010ditanja\" \/>\n\t<meta name=\"twitter:data1\" content=\"1 minuta\" \/>\n<script type=\"application\/ld+json\" class=\"yoast-schema-graph\">{\"@context\":\"https:\/\/schema.org\",\"@graph\":[{\"@type\":\"WebPage\",\"@id\":\"https:\/\/izlozba.dizajn.hr\/1920\/ziri\/john-l-walters-uk\/\",\"url\":\"https:\/\/izlozba.dizajn.hr\/1920\/ziri\/john-l-walters-uk\/\",\"name\":\"John L. Walters (UK) - 19\/20\",\"isPartOf\":{\"@id\":\"https:\/\/izlozba.dizajn.hr\/1920\/#website\"},\"datePublished\":\"2020-10-07T09:57:47+00:00\",\"dateModified\":\"2020-10-22T17:26:00+00:00\",\"breadcrumb\":{\"@id\":\"https:\/\/izlozba.dizajn.hr\/1920\/ziri\/john-l-walters-uk\/#breadcrumb\"},\"inLanguage\":\"hr\",\"potentialAction\":[{\"@type\":\"ReadAction\",\"target\":[\"https:\/\/izlozba.dizajn.hr\/1920\/ziri\/john-l-walters-uk\/\"]}]},{\"@type\":\"BreadcrumbList\",\"@id\":\"https:\/\/izlozba.dizajn.hr\/1920\/ziri\/john-l-walters-uk\/#breadcrumb\",\"itemListElement\":[{\"@type\":\"ListItem\",\"position\":1,\"name\":\"Po\u010detna stranica\",\"item\":\"https:\/\/izlozba.dizajn.hr\/1920\/\"},{\"@type\":\"ListItem\",\"position\":2,\"name\":\"\u017diri\",\"item\":\"https:\/\/izlozba.dizajn.hr\/1920\/ziri\/\"},{\"@type\":\"ListItem\",\"position\":3,\"name\":\"John L. Walters (UK)\"}]},{\"@type\":\"WebSite\",\"@id\":\"https:\/\/izlozba.dizajn.hr\/1920\/#website\",\"url\":\"https:\/\/izlozba.dizajn.hr\/1920\/\",\"name\":\"19\/20\",\"description\":\"Izlo\u017eba hrvatskog dizajna\",\"potentialAction\":[{\"@type\":\"SearchAction\",\"target\":{\"@type\":\"EntryPoint\",\"urlTemplate\":\"https:\/\/izlozba.dizajn.hr\/1920\/?s={search_term_string}\"},\"query-input\":\"required name=search_term_string\"}],\"inLanguage\":\"hr\"}]}<\/script>\n<!-- \/ Yoast SEO plugin. -->","yoast_head_json":{"title":"John L. Walters (UK) - 19\/20","robots":{"index":"index","follow":"follow","max-snippet":"max-snippet:-1","max-image-preview":"max-image-preview:large","max-video-preview":"max-video-preview:-1"},"canonical":"https:\/\/izlozba.dizajn.hr\/1920\/ziri\/john-l-walters-uk\/","og_locale":"hr_HR","og_type":"article","og_title":"John L. Walters (UK) - 19\/20","og_description":"John L. Walters\u00a0je urednik i suvlasnik (sa Simonom Estersonom) magazina\u00a0Eye, me\u0111unarodne revije grafi\u010dkog dizajna. Bio je glazbenik i glazbeni producent prije nego \u0161to je 90ih projektom\u00a0Unknown Public\u00a0u\u0161ao u sferu izdava\u0161tva. Osim za\u00a0Eye, pisao je za\u00a0The Guardian,\u00a0Port,\u00a0Boat,\u00a0London Jazz News, Varoom, Crafts, The Wire, AR, Pit i Jaguar. Kurirao je i kreirao programe mnogih doga\u0111anja povezanih s [&hellip;]","og_url":"https:\/\/izlozba.dizajn.hr\/1920\/ziri\/john-l-walters-uk\/","og_site_name":"19\/20","article_modified_time":"2020-10-22T17:26:00+00:00","og_image":[{"width":600,"height":900,"url":"https:\/\/izlozba.dizajn.hr\/1920\/wp-content\/uploads\/2020\/10\/John-Walters.jpg","type":"image\/jpeg"}],"twitter_card":"summary_large_image","twitter_misc":{"Procijenjeno vrijeme \u010ditanja":"1 minuta"},"schema":{"@context":"https:\/\/schema.org","@graph":[{"@type":"WebPage","@id":"https:\/\/izlozba.dizajn.hr\/1920\/ziri\/john-l-walters-uk\/","url":"https:\/\/izlozba.dizajn.hr\/1920\/ziri\/john-l-walters-uk\/","name":"John L. Walters (UK) - 19\/20","isPartOf":{"@id":"https:\/\/izlozba.dizajn.hr\/1920\/#website"},"datePublished":"2020-10-07T09:57:47+00:00","dateModified":"2020-10-22T17:26:00+00:00","breadcrumb":{"@id":"https:\/\/izlozba.dizajn.hr\/1920\/ziri\/john-l-walters-uk\/#breadcrumb"},"inLanguage":"hr","potentialAction":[{"@type":"ReadAction","target":["https:\/\/izlozba.dizajn.hr\/1920\/ziri\/john-l-walters-uk\/"]}]},{"@type":"BreadcrumbList","@id":"https:\/\/izlozba.dizajn.hr\/1920\/ziri\/john-l-walters-uk\/#breadcrumb","itemListElement":[{"@type":"ListItem","position":1,"name":"Po\u010detna stranica","item":"https:\/\/izlozba.dizajn.hr\/1920\/"},{"@type":"ListItem","position":2,"name":"\u017diri","item":"https:\/\/izlozba.dizajn.hr\/1920\/ziri\/"},{"@type":"ListItem","position":3,"name":"John L. Walters (UK)"}]},{"@type":"WebSite","@id":"https:\/\/izlozba.dizajn.hr\/1920\/#website","url":"https:\/\/izlozba.dizajn.hr\/1920\/","name":"19\/20","description":"Izlo\u017eba hrvatskog dizajna","potentialAction":[{"@type":"SearchAction","target":{"@type":"EntryPoint","urlTemplate":"https:\/\/izlozba.dizajn.hr\/1920\/?s={search_term_string}"},"query-input":"required name=search_term_string"}],"inLanguage":"hr"}]}},"_links":{"self":[{"href":"https:\/\/izlozba.dizajn.hr\/1920\/wp-json\/wp\/v2\/pages\/5589"}],"collection":[{"href":"https:\/\/izlozba.dizajn.hr\/1920\/wp-json\/wp\/v2\/pages"}],"about":[{"href":"https:\/\/izlozba.dizajn.hr\/1920\/wp-json\/wp\/v2\/types\/page"}],"author":[{"embeddable":true,"href":"https:\/\/izlozba.dizajn.hr\/1920\/wp-json\/wp\/v2\/users\/1"}],"replies":[{"embeddable":true,"href":"https:\/\/izlozba.dizajn.hr\/1920\/wp-json\/wp\/v2\/comments?post=5589"}],"version-history":[{"count":7,"href":"https:\/\/izlozba.dizajn.hr\/1920\/wp-json\/wp\/v2\/pages\/5589\/revisions"}],"predecessor-version":[{"id":6697,"href":"https:\/\/izlozba.dizajn.hr\/1920\/wp-json\/wp\/v2\/pages\/5589\/revisions\/6697"}],"up":[{"embeddable":true,"href":"https:\/\/izlozba.dizajn.hr\/1920\/wp-json\/wp\/v2\/pages\/5397"}],"wp:featuredmedia":[{"embeddable":true,"href":"https:\/\/izlozba.dizajn.hr\/1920\/wp-json\/wp\/v2\/media\/5684"}],"wp:attachment":[{"href":"https:\/\/izlozba.dizajn.hr\/1920\/wp-json\/wp\/v2\/media?parent=5589"}],"curies":[{"name":"wp","href":"https:\/\/api.w.org\/{rel}","templated":true}]}}