{"id":5587,"date":"2020-10-07T11:57:47","date_gmt":"2020-10-07T09:57:47","guid":{"rendered":"https:\/\/izlozba.dizajn.hr\/1920\/ziri\/vedran-zidanik\/"},"modified":"2020-10-22T19:25:37","modified_gmt":"2020-10-22T17:25:37","slug":"vedran-zidanik","status":"publish","type":"page","link":"https:\/\/izlozba.dizajn.hr\/1920\/ziri\/vedran-zidanik\/","title":{"rendered":"Vedran \u017didanik"},"content":{"rendered":"<p>Vedran \u017didanik dizajnom se bavi ve\u0107 12 godina, od \u010dega posljednjih 10 godina intenzivno istra\u017euje i dizajnira digitalne proizvode poput mobilnih aplikacija i web stranica. U svojim dizajnerskim po\u010decima u\u00a0<strong>Proximityju<\/strong>, BBDO-ovoj sestrinskoj agenciji, sura\u0111ivao je s nekima od vode\u0107ih doma\u0107ih digitalnih dizajnera, a ta se suradnja nastavila i u Kombinatu, nagra\u0111ivanom dizajnerskom kolektivu \u010diji je bio jedan od osniva\u010da. Karijeru je nastavio u digitalnoj agenciji\u00a0<strong>Five<\/strong>, gdje je uskoro preuzeo ulogu vode\u0107eg dizajnera, rade\u0107i s klijentima kao \u0161to su Squarespace, Napster, Ministry of Sound, Rosetta Stone, Microsoft, T-Mobile i Real Networks.<\/p>\n<p>Kao dizajneru u developerskoj agenciji misija mu je bila premostiti jaz izme\u0111u dizajna i implementacije, pomo\u0107i agenciji u tranziciji prema ve\u0107em fokusu na dizajn te kroz radionice i predavanja podijeliti znanje i iskustvo s rastu\u0107om zajednicom digitalnih dizajnera. Karijeru je nastavio u\u00a0 Seattleu, gdje je kao voditelj dizajnerskog tima\u00a0<strong>Real Networksa<\/strong>\u00a0razvijao njihove digitalne proizvode. Nakon toga osnovao je studio\u00a0<strong>Supernormal<\/strong>\u00a0pod kojim razvija digitalne proizvode, uvodi dizajn sustave te organizira dizajnerske timove za me\u0111unarodne klijente kao \u0161to su Rover, Numbrs, iinfluence i drugi.<\/p>\n<p>Dobitnik je vi\u0161e nagrada, me\u0111u kojima je i prva nagrada na Izlo\u017ebi hrvatskog dizajna 1314 za digitalnu platformu\u00a0<em><a href=\"http:\/\/dizajn.hr\/blog\/dodijeljene-nagrade-na-bijenalnoj-izlozbi-hrvatskog-dizajna-1314\/\">Flaster<\/a><\/em>.<\/p>\n<blockquote><p>Digitalni dizajn u svijetu do\u017eivljava velike promjene i od dizajnera se tra\u017ei mnogo vi\u0161e uklju\u010denosti u aktualne probleme dru\u0161tva. Mislim da se to ve\u0107 sad gleda kod zapo\u0161ljavanja u vrhunskim tvrtkama, a zasigurno \u0107e biti jo\u0161 izra\u017eenije u skoroj budu\u0107nost. Tu \u0107e u slabijoj poziciji biti dizajneri iz manjih, konzervativnijih sredina poput Hrvatske. Tome mo\u017eemo donekle dosko\u010diti \u0161irom edukacijom i samoedukacijom, s ciljem \u0161to ve\u0107e empatije prema \u0161to \u0161irem krugu ljudi. Sr\u017e dizajna kao discipline je empatija, a empatija se pak hrani novim idejama, znanjima i iskustvima.<br \/>\n<strong>Vedran \u017didanik<\/strong><\/p><\/blockquote>\n<p>Cijeli intervju sa \u017eiratorom mo\u017eete prona\u0107i <a href=\"http:\/\/dizajn.hr\/blog\/vedran-zidanik-intervju\/\">ovdje<\/a>.<\/p>\n<p>&nbsp;<\/p>\n","protected":false},"excerpt":{"rendered":"<p>Vedran \u017didanik dizajnom se bavi ve\u0107 12 godina, od \u010dega posljednjih 10 godina intenzivno istra\u017euje i dizajnira digitalne proizvode poput mobilnih aplikacija i web stranica. U svojim dizajnerskim po\u010decima u\u00a0Proximityju, BBDO-ovoj sestrinskoj agenciji, sura\u0111ivao je s nekima od vode\u0107ih doma\u0107ih digitalnih dizajnera, a ta se suradnja nastavila i u Kombinatu, nagra\u0111ivanom dizajnerskom kolektivu \u010diji je [&hellip;]<\/p>\n","protected":false},"author":1,"featured_media":5690,"parent":5397,"menu_order":7,"comment_status":"closed","ping_status":"closed","template":"templates\/template--jury-single.php","meta":{"footnotes":""},"yoast_head":"<!-- This site is optimized with the Yoast SEO plugin v21.9.1 - https:\/\/yoast.com\/wordpress\/plugins\/seo\/ -->\n<title>Vedran \u017didanik - 19\/20<\/title>\n<meta name=\"robots\" content=\"index, follow, max-snippet:-1, max-image-preview:large, max-video-preview:-1\" \/>\n<link rel=\"canonical\" href=\"https:\/\/izlozba.dizajn.hr\/1920\/ziri\/vedran-zidanik\/\" \/>\n<meta property=\"og:locale\" content=\"hr_HR\" \/>\n<meta property=\"og:type\" content=\"article\" \/>\n<meta property=\"og:title\" content=\"Vedran \u017didanik - 19\/20\" \/>\n<meta property=\"og:description\" content=\"Vedran \u017didanik dizajnom se bavi ve\u0107 12 godina, od \u010dega posljednjih 10 godina intenzivno istra\u017euje i dizajnira digitalne proizvode poput mobilnih aplikacija i web stranica. U svojim dizajnerskim po\u010decima u\u00a0Proximityju, BBDO-ovoj sestrinskoj agenciji, sura\u0111ivao je s nekima od vode\u0107ih doma\u0107ih digitalnih dizajnera, a ta se suradnja nastavila i u Kombinatu, nagra\u0111ivanom dizajnerskom kolektivu \u010diji je [&hellip;]\" \/>\n<meta property=\"og:url\" content=\"https:\/\/izlozba.dizajn.hr\/1920\/ziri\/vedran-zidanik\/\" \/>\n<meta property=\"og:site_name\" content=\"19\/20\" \/>\n<meta property=\"article:modified_time\" content=\"2020-10-22T17:25:37+00:00\" \/>\n<meta property=\"og:image\" content=\"https:\/\/izlozba.dizajn.hr\/1920\/wp-content\/uploads\/2020\/10\/Vedran-Zidanik.jpg\" \/>\n\t<meta property=\"og:image:width\" content=\"600\" \/>\n\t<meta property=\"og:image:height\" content=\"900\" \/>\n\t<meta property=\"og:image:type\" content=\"image\/jpeg\" \/>\n<meta name=\"twitter:card\" content=\"summary_large_image\" \/>\n<meta name=\"twitter:label1\" content=\"Procijenjeno vrijeme \u010ditanja\" \/>\n\t<meta name=\"twitter:data1\" content=\"2 minute\" \/>\n<script type=\"application\/ld+json\" class=\"yoast-schema-graph\">{\"@context\":\"https:\/\/schema.org\",\"@graph\":[{\"@type\":\"WebPage\",\"@id\":\"https:\/\/izlozba.dizajn.hr\/1920\/ziri\/vedran-zidanik\/\",\"url\":\"https:\/\/izlozba.dizajn.hr\/1920\/ziri\/vedran-zidanik\/\",\"name\":\"Vedran \u017didanik - 19\/20\",\"isPartOf\":{\"@id\":\"https:\/\/izlozba.dizajn.hr\/1920\/#website\"},\"datePublished\":\"2020-10-07T09:57:47+00:00\",\"dateModified\":\"2020-10-22T17:25:37+00:00\",\"breadcrumb\":{\"@id\":\"https:\/\/izlozba.dizajn.hr\/1920\/ziri\/vedran-zidanik\/#breadcrumb\"},\"inLanguage\":\"hr\",\"potentialAction\":[{\"@type\":\"ReadAction\",\"target\":[\"https:\/\/izlozba.dizajn.hr\/1920\/ziri\/vedran-zidanik\/\"]}]},{\"@type\":\"BreadcrumbList\",\"@id\":\"https:\/\/izlozba.dizajn.hr\/1920\/ziri\/vedran-zidanik\/#breadcrumb\",\"itemListElement\":[{\"@type\":\"ListItem\",\"position\":1,\"name\":\"Po\u010detna stranica\",\"item\":\"https:\/\/izlozba.dizajn.hr\/1920\/\"},{\"@type\":\"ListItem\",\"position\":2,\"name\":\"\u017diri\",\"item\":\"https:\/\/izlozba.dizajn.hr\/1920\/ziri\/\"},{\"@type\":\"ListItem\",\"position\":3,\"name\":\"Vedran \u017didanik\"}]},{\"@type\":\"WebSite\",\"@id\":\"https:\/\/izlozba.dizajn.hr\/1920\/#website\",\"url\":\"https:\/\/izlozba.dizajn.hr\/1920\/\",\"name\":\"19\/20\",\"description\":\"Izlo\u017eba hrvatskog dizajna\",\"potentialAction\":[{\"@type\":\"SearchAction\",\"target\":{\"@type\":\"EntryPoint\",\"urlTemplate\":\"https:\/\/izlozba.dizajn.hr\/1920\/?s={search_term_string}\"},\"query-input\":\"required name=search_term_string\"}],\"inLanguage\":\"hr\"}]}<\/script>\n<!-- \/ Yoast SEO plugin. -->","yoast_head_json":{"title":"Vedran \u017didanik - 19\/20","robots":{"index":"index","follow":"follow","max-snippet":"max-snippet:-1","max-image-preview":"max-image-preview:large","max-video-preview":"max-video-preview:-1"},"canonical":"https:\/\/izlozba.dizajn.hr\/1920\/ziri\/vedran-zidanik\/","og_locale":"hr_HR","og_type":"article","og_title":"Vedran \u017didanik - 19\/20","og_description":"Vedran \u017didanik dizajnom se bavi ve\u0107 12 godina, od \u010dega posljednjih 10 godina intenzivno istra\u017euje i dizajnira digitalne proizvode poput mobilnih aplikacija i web stranica. U svojim dizajnerskim po\u010decima u\u00a0Proximityju, BBDO-ovoj sestrinskoj agenciji, sura\u0111ivao je s nekima od vode\u0107ih doma\u0107ih digitalnih dizajnera, a ta se suradnja nastavila i u Kombinatu, nagra\u0111ivanom dizajnerskom kolektivu \u010diji je [&hellip;]","og_url":"https:\/\/izlozba.dizajn.hr\/1920\/ziri\/vedran-zidanik\/","og_site_name":"19\/20","article_modified_time":"2020-10-22T17:25:37+00:00","og_image":[{"width":600,"height":900,"url":"https:\/\/izlozba.dizajn.hr\/1920\/wp-content\/uploads\/2020\/10\/Vedran-Zidanik.jpg","type":"image\/jpeg"}],"twitter_card":"summary_large_image","twitter_misc":{"Procijenjeno vrijeme \u010ditanja":"2 minute"},"schema":{"@context":"https:\/\/schema.org","@graph":[{"@type":"WebPage","@id":"https:\/\/izlozba.dizajn.hr\/1920\/ziri\/vedran-zidanik\/","url":"https:\/\/izlozba.dizajn.hr\/1920\/ziri\/vedran-zidanik\/","name":"Vedran \u017didanik - 19\/20","isPartOf":{"@id":"https:\/\/izlozba.dizajn.hr\/1920\/#website"},"datePublished":"2020-10-07T09:57:47+00:00","dateModified":"2020-10-22T17:25:37+00:00","breadcrumb":{"@id":"https:\/\/izlozba.dizajn.hr\/1920\/ziri\/vedran-zidanik\/#breadcrumb"},"inLanguage":"hr","potentialAction":[{"@type":"ReadAction","target":["https:\/\/izlozba.dizajn.hr\/1920\/ziri\/vedran-zidanik\/"]}]},{"@type":"BreadcrumbList","@id":"https:\/\/izlozba.dizajn.hr\/1920\/ziri\/vedran-zidanik\/#breadcrumb","itemListElement":[{"@type":"ListItem","position":1,"name":"Po\u010detna stranica","item":"https:\/\/izlozba.dizajn.hr\/1920\/"},{"@type":"ListItem","position":2,"name":"\u017diri","item":"https:\/\/izlozba.dizajn.hr\/1920\/ziri\/"},{"@type":"ListItem","position":3,"name":"Vedran \u017didanik"}]},{"@type":"WebSite","@id":"https:\/\/izlozba.dizajn.hr\/1920\/#website","url":"https:\/\/izlozba.dizajn.hr\/1920\/","name":"19\/20","description":"Izlo\u017eba hrvatskog dizajna","potentialAction":[{"@type":"SearchAction","target":{"@type":"EntryPoint","urlTemplate":"https:\/\/izlozba.dizajn.hr\/1920\/?s={search_term_string}"},"query-input":"required name=search_term_string"}],"inLanguage":"hr"}]}},"_links":{"self":[{"href":"https:\/\/izlozba.dizajn.hr\/1920\/wp-json\/wp\/v2\/pages\/5587"}],"collection":[{"href":"https:\/\/izlozba.dizajn.hr\/1920\/wp-json\/wp\/v2\/pages"}],"about":[{"href":"https:\/\/izlozba.dizajn.hr\/1920\/wp-json\/wp\/v2\/types\/page"}],"author":[{"embeddable":true,"href":"https:\/\/izlozba.dizajn.hr\/1920\/wp-json\/wp\/v2\/users\/1"}],"replies":[{"embeddable":true,"href":"https:\/\/izlozba.dizajn.hr\/1920\/wp-json\/wp\/v2\/comments?post=5587"}],"version-history":[{"count":9,"href":"https:\/\/izlozba.dizajn.hr\/1920\/wp-json\/wp\/v2\/pages\/5587\/revisions"}],"predecessor-version":[{"id":6695,"href":"https:\/\/izlozba.dizajn.hr\/1920\/wp-json\/wp\/v2\/pages\/5587\/revisions\/6695"}],"up":[{"embeddable":true,"href":"https:\/\/izlozba.dizajn.hr\/1920\/wp-json\/wp\/v2\/pages\/5397"}],"wp:featuredmedia":[{"embeddable":true,"href":"https:\/\/izlozba.dizajn.hr\/1920\/wp-json\/wp\/v2\/media\/5690"}],"wp:attachment":[{"href":"https:\/\/izlozba.dizajn.hr\/1920\/wp-json\/wp\/v2\/media?parent=5587"}],"curies":[{"name":"wp","href":"https:\/\/api.w.org\/{rel}","templated":true}]}}

Vedran Židanik

<p>Vedran Židanik dizajnom se bavi već 12 godina, od čega posljednjih 10 godina intenzivno istražuje i dizajnira digitalne proizvode poput mobilnih aplikacija i web stranica. U svojim dizajnerskim počecima u <strong>Proximityju</strong>, BBDO-ovoj sestrinskoj agenciji, surađivao je s nekima od vodećih domaćih digitalnih dizajnera, a ta se suradnja nastavila i u Kombinatu, nagrađivanom dizajnerskom kolektivu čiji je bio jedan od osnivača. Karijeru je nastavio u digitalnoj agenciji <strong>Five</strong>, gdje je uskoro preuzeo ulogu vodećeg dizajnera, radeći s klijentima kao što su Squarespace, Napster, Ministry of Sound, Rosetta Stone, Microsoft, T-Mobile i Real Networks.</p>
<p>Kao dizajneru u developerskoj agenciji misija mu je bila premostiti jaz između dizajna i implementacije, pomoći agenciji u tranziciji prema većem fokusu na dizajn te kroz radionice i predavanja podijeliti znanje i iskustvo s rastućom zajednicom digitalnih dizajnera. Karijeru je nastavio u  Seattleu, gdje je kao voditelj dizajnerskog tima <strong>Real Networksa</strong> razvijao njihove digitalne proizvode. Nakon toga osnovao je studio <strong>Supernormal</strong> pod kojim razvija digitalne proizvode, uvodi dizajn sustave te organizira dizajnerske timove za međunarodne klijente kao što su Rover, Numbrs, iinfluence i drugi.</p>
<p>Dobitnik je više nagrada, među kojima je i prva nagrada na Izložbi hrvatskog dizajna 1314 za digitalnu platformu <em><a href="http://dizajn.hr/blog/dodijeljene-nagrade-na-bijenalnoj-izlozbi-hrvatskog-dizajna-1314/">Flaster</a></em>.</p>
<blockquote><p>Digitalni dizajn u svijetu doživljava velike promjene i od dizajnera se traži mnogo više uključenosti u aktualne probleme društva. Mislim da se to već sad gleda kod zapošljavanja u vrhunskim tvrtkama, a zasigurno će biti još izraženije u skoroj budućnost. Tu će u slabijoj poziciji biti dizajneri iz manjih, konzervativnijih sredina poput Hrvatske. Tome možemo donekle doskočiti širom edukacijom i samoedukacijom, s ciljem što veće empatije prema što širem krugu ljudi. Srž dizajna kao discipline je empatija, a empatija se pak hrani novim idejama, znanjima i iskustvima.<br />
<strong>Vedran Židanik</strong></p></blockquote>
<p>Cijeli intervju sa žiratorom možete pronaći <a href="http://dizajn.hr/blog/vedran-zidanik-intervju/">ovdje</a>.</p>
<p>&nbsp;</p>

<p>Vedran Židanik dizajnom se bavi već 12 godina, od čega posljednjih 10 godina intenzivno istražuje i dizajnira digitalne proizvode poput mobilnih aplikacija i web stranica. U svojim dizajnerskim počecima u Proximityju, BBDO-ovoj sestrinskoj agenciji, surađivao je s nekima od vodećih domaćih digitalnih dizajnera, a ta se suradnja nastavila i u Kombinatu, nagrađivanom dizajnerskom kolektivu čiji je [&hellip;]</p>

<!-- This site is optimized with the Yoast SEO plugin v21.9.1 - https://yoast.com/wordpress/plugins/seo/ -->
<title>Vedran Židanik - 19/20</title>
<meta name="robots" content="index, follow, max-snippet:-1, max-image-preview:large, max-video-preview:-1" />
<link rel="canonical" href="https://izlozba.dizajn.hr/1920/ziri/vedran-zidanik/" />
<meta property="og:locale" content="hr_HR" />
<meta property="og:type" content="article" />
<meta property="og:title" content="Vedran Židanik - 19/20" />
<meta property="og:description" content="Vedran Židanik dizajnom se bavi već 12 godina, od čega posljednjih 10 godina intenzivno istražuje i dizajnira digitalne proizvode poput mobilnih aplikacija i web stranica. U svojim dizajnerskim počecima u Proximityju, BBDO-ovoj sestrinskoj agenciji, surađivao je s nekima od vodećih domaćih digitalnih dizajnera, a ta se suradnja nastavila i u Kombinatu, nagrađivanom dizajnerskom kolektivu čiji je [&hellip;]" />
<meta property="og:url" content="https://izlozba.dizajn.hr/1920/ziri/vedran-zidanik/" />
<meta property="og:site_name" content="19/20" />
<meta property="article:modified_time" content="2020-10-22T17:25:37+00:00" />
<meta property="og:image" content="https://izlozba.dizajn.hr/1920/wp-content/uploads/2020/10/Vedran-Zidanik.jpg" />
	<meta property="og:image:width" content="600" />
	<meta property="og:image:height" content="900" />
	<meta property="og:image:type" content="image/jpeg" />
<meta name="twitter:card" content="summary_large_image" />
<meta name="twitter:label1" content="Procijenjeno vrijeme čitanja" />
	<meta name="twitter:data1" content="2 minute" />
<script type="application/ld+json" class="yoast-schema-graph">{"@context":"https://schema.org","@graph":[{"@type":"WebPage","@id":"https://izlozba.dizajn.hr/1920/ziri/vedran-zidanik/","url":"https://izlozba.dizajn.hr/1920/ziri/vedran-zidanik/","name":"Vedran Židanik - 19/20","isPartOf":{"@id":"https://izlozba.dizajn.hr/1920/#website"},"datePublished":"2020-10-07T09:57:47+00:00","dateModified":"2020-10-22T17:25:37+00:00","breadcrumb":{"@id":"https://izlozba.dizajn.hr/1920/ziri/vedran-zidanik/#breadcrumb"},"inLanguage":"hr","potentialAction":[{"@type":"ReadAction","target":["https://izlozba.dizajn.hr/1920/ziri/vedran-zidanik/"]}]},{"@type":"BreadcrumbList","@id":"https://izlozba.dizajn.hr/1920/ziri/vedran-zidanik/#breadcrumb","itemListElement":[{"@type":"ListItem","position":1,"name":"Početna stranica","item":"https://izlozba.dizajn.hr/1920/"},{"@type":"ListItem","position":2,"name":"Žiri","item":"https://izlozba.dizajn.hr/1920/ziri/"},{"@type":"ListItem","position":3,"name":"Vedran Židanik"}]},{"@type":"WebSite","@id":"https://izlozba.dizajn.hr/1920/#website","url":"https://izlozba.dizajn.hr/1920/","name":"19/20","description":"Izložba hrvatskog dizajna","potentialAction":[{"@type":"SearchAction","target":{"@type":"EntryPoint","urlTemplate":"https://izlozba.dizajn.hr/1920/?s={search_term_string}"},"query-input":"required name=search_term_string"}],"inLanguage":"hr"}]}</script>
<!-- / Yoast SEO plugin. -->

Vedran Židanik - 19/20

Vedran Židanik dizajnom se bavi već 12 godina, od čega posljednjih 10 godina intenzivno istražuje i dizajnira digitalne proizvode poput mobilnih aplikacija i web stranica. U svojim dizajnerskim počecima u Proximityju, BBDO-ovoj sestrinskoj agenciji, surađivao je s nekima od vodećih domaćih digitalnih dizajnera, a ta se suradnja nastavila i u Kombinatu, nagrađivanom dizajnerskom kolektivu čiji je [&hellip;]

Početna stranica

Žiri

Izložba hrvatskog dizajna
