{"id":5583,"date":"2020-10-07T11:57:47","date_gmt":"2020-10-07T09:57:47","guid":{"rendered":"https:\/\/izlozba.dizajn.hr\/1920\/ziri\/zeljko-serdarevic\/"},"modified":"2020-10-19T15:14:34","modified_gmt":"2020-10-19T13:14:34","slug":"zeljko-serdarevic","status":"publish","type":"page","link":"https:\/\/izlozba.dizajn.hr\/1920\/ziri\/zeljko-serdarevic\/","title":{"rendered":"\u017deljko Serdarevi\u0107"},"content":{"rendered":"<p><strong>\u017deljko Serdarevi\u0107<\/strong> aktivan je na kazali\u0161noj i glazbenoj sceni od po\u010detka 1980-ih, a kao grafi\u010dki dizajner afirmira se djelovanjem u sklopu <strong>Studija imitacija \u017eivota<\/strong> (1987. \u2013 1990.). Tijekom 1990-ih radi za kazali\u0161ta i nakladnike u Austriji i Sloveniji, a 2003. godine u Zagrebu pokre\u0107e s <strong>Draganom Mileusni\u0107em<\/strong> nakladu <strong><em>Postscriptum<\/em><\/strong> (<em>Leksikon YU mitologije<\/em>, <em>Od Bauhausa do na\u0161eg doma<\/em>). U suradnji s njim, oprema knjige malih nakladnika (Pelago, DAF), realizira projekte video-dizajna za kazali\u0161ne i cirkuske spektakle (Toma\u017e Pandur, Andr\u00e9 Heller) te snima kratke eksperimentalne filmove.<\/p>\n<p>Serdarevi\u0107evi projekti grafi\u010dkog dizajna su kroz proteklih petnaest godina naj\u010de\u0161\u0107e bili povezani s filmom \u2013 dizajnirao je brojna izdanja <strong>Hrvatskog filmskog saveza<\/strong>, identitete filmskih festivala (<em>25 FPS<\/em>, <em>Dani hrvatskog filma<\/em>) te plakate za filmove i filmske izlo\u017ebe (Bonobostudio, Mihovil Pansini, Jagoda Kaloper). Autor je opreme niza umjetni\u010dkih monografija (Toma\u017e Pandur, Dunja Vejzovi\u0107, Nedeljko Dragi\u0107) i izlo\u017ebenih kataloga (Goran Petercol, Edita Schubert) te dobitnik nagrada <strong><em>Salona mladih<\/em><\/strong>, <em><strong>Zagreba\u010dkog salona<\/strong><\/em>, <strong><em>Zgrafa<\/em><\/strong> i <strong><em>Izlo\u017ebe hrvatskog dizajna<\/em><\/strong>.<\/p>\n","protected":false},"excerpt":{"rendered":"<p>\u017deljko Serdarevi\u0107 aktivan je na kazali\u0161noj i glazbenoj sceni od po\u010detka 1980-ih, a kao grafi\u010dki dizajner afirmira se djelovanjem u sklopu Studija imitacija \u017eivota (1987. \u2013 1990.). Tijekom 1990-ih radi za kazali\u0161ta i nakladnike u Austriji i Sloveniji, a 2003. godine u Zagrebu pokre\u0107e s Draganom Mileusni\u0107em nakladu Postscriptum (Leksikon YU mitologije, Od Bauhausa do [&hellip;]<\/p>\n","protected":false},"author":1,"featured_media":6650,"parent":5397,"menu_order":3,"comment_status":"closed","ping_status":"closed","template":"templates\/template--jury-single.php","meta":{"footnotes":""},"yoast_head":"<!-- This site is optimized with the Yoast SEO plugin v21.9.1 - https:\/\/yoast.com\/wordpress\/plugins\/seo\/ -->\n<title>\u017deljko Serdarevi\u0107 - 19\/20<\/title>\n<meta name=\"robots\" content=\"index, follow, max-snippet:-1, max-image-preview:large, max-video-preview:-1\" \/>\n<link rel=\"canonical\" href=\"https:\/\/izlozba.dizajn.hr\/1920\/ziri\/zeljko-serdarevic\/\" \/>\n<meta property=\"og:locale\" content=\"hr_HR\" \/>\n<meta property=\"og:type\" content=\"article\" \/>\n<meta property=\"og:title\" content=\"\u017deljko Serdarevi\u0107 - 19\/20\" \/>\n<meta property=\"og:description\" content=\"\u017deljko Serdarevi\u0107 aktivan je na kazali\u0161noj i glazbenoj sceni od po\u010detka 1980-ih, a kao grafi\u010dki dizajner afirmira se djelovanjem u sklopu Studija imitacija \u017eivota (1987. \u2013 1990.). Tijekom 1990-ih radi za kazali\u0161ta i nakladnike u Austriji i Sloveniji, a 2003. godine u Zagrebu pokre\u0107e s Draganom Mileusni\u0107em nakladu Postscriptum (Leksikon YU mitologije, Od Bauhausa do [&hellip;]\" \/>\n<meta property=\"og:url\" content=\"https:\/\/izlozba.dizajn.hr\/1920\/ziri\/zeljko-serdarevic\/\" \/>\n<meta property=\"og:site_name\" content=\"19\/20\" \/>\n<meta property=\"article:modified_time\" content=\"2020-10-19T13:14:34+00:00\" \/>\n<meta property=\"og:image\" content=\"https:\/\/izlozba.dizajn.hr\/1920\/wp-content\/uploads\/2020\/10\/Zeljko-Serdarevic.jpg\" \/>\n\t<meta property=\"og:image:width\" content=\"600\" \/>\n\t<meta property=\"og:image:height\" content=\"900\" \/>\n\t<meta property=\"og:image:type\" content=\"image\/jpeg\" \/>\n<meta name=\"twitter:card\" content=\"summary_large_image\" \/>\n<meta name=\"twitter:label1\" content=\"Procijenjeno vrijeme \u010ditanja\" \/>\n\t<meta name=\"twitter:data1\" content=\"1 minuta\" \/>\n<script type=\"application\/ld+json\" class=\"yoast-schema-graph\">{\"@context\":\"https:\/\/schema.org\",\"@graph\":[{\"@type\":\"WebPage\",\"@id\":\"https:\/\/izlozba.dizajn.hr\/1920\/ziri\/zeljko-serdarevic\/\",\"url\":\"https:\/\/izlozba.dizajn.hr\/1920\/ziri\/zeljko-serdarevic\/\",\"name\":\"\u017deljko Serdarevi\u0107 - 19\/20\",\"isPartOf\":{\"@id\":\"https:\/\/izlozba.dizajn.hr\/1920\/#website\"},\"datePublished\":\"2020-10-07T09:57:47+00:00\",\"dateModified\":\"2020-10-19T13:14:34+00:00\",\"breadcrumb\":{\"@id\":\"https:\/\/izlozba.dizajn.hr\/1920\/ziri\/zeljko-serdarevic\/#breadcrumb\"},\"inLanguage\":\"hr\",\"potentialAction\":[{\"@type\":\"ReadAction\",\"target\":[\"https:\/\/izlozba.dizajn.hr\/1920\/ziri\/zeljko-serdarevic\/\"]}]},{\"@type\":\"BreadcrumbList\",\"@id\":\"https:\/\/izlozba.dizajn.hr\/1920\/ziri\/zeljko-serdarevic\/#breadcrumb\",\"itemListElement\":[{\"@type\":\"ListItem\",\"position\":1,\"name\":\"Po\u010detna stranica\",\"item\":\"https:\/\/izlozba.dizajn.hr\/1920\/\"},{\"@type\":\"ListItem\",\"position\":2,\"name\":\"\u017diri\",\"item\":\"https:\/\/izlozba.dizajn.hr\/1920\/ziri\/\"},{\"@type\":\"ListItem\",\"position\":3,\"name\":\"\u017deljko Serdarevi\u0107\"}]},{\"@type\":\"WebSite\",\"@id\":\"https:\/\/izlozba.dizajn.hr\/1920\/#website\",\"url\":\"https:\/\/izlozba.dizajn.hr\/1920\/\",\"name\":\"19\/20\",\"description\":\"Izlo\u017eba hrvatskog dizajna\",\"potentialAction\":[{\"@type\":\"SearchAction\",\"target\":{\"@type\":\"EntryPoint\",\"urlTemplate\":\"https:\/\/izlozba.dizajn.hr\/1920\/?s={search_term_string}\"},\"query-input\":\"required name=search_term_string\"}],\"inLanguage\":\"hr\"}]}<\/script>\n<!-- \/ Yoast SEO plugin. -->","yoast_head_json":{"title":"\u017deljko Serdarevi\u0107 - 19\/20","robots":{"index":"index","follow":"follow","max-snippet":"max-snippet:-1","max-image-preview":"max-image-preview:large","max-video-preview":"max-video-preview:-1"},"canonical":"https:\/\/izlozba.dizajn.hr\/1920\/ziri\/zeljko-serdarevic\/","og_locale":"hr_HR","og_type":"article","og_title":"\u017deljko Serdarevi\u0107 - 19\/20","og_description":"\u017deljko Serdarevi\u0107 aktivan je na kazali\u0161noj i glazbenoj sceni od po\u010detka 1980-ih, a kao grafi\u010dki dizajner afirmira se djelovanjem u sklopu Studija imitacija \u017eivota (1987. \u2013 1990.). Tijekom 1990-ih radi za kazali\u0161ta i nakladnike u Austriji i Sloveniji, a 2003. godine u Zagrebu pokre\u0107e s Draganom Mileusni\u0107em nakladu Postscriptum (Leksikon YU mitologije, Od Bauhausa do [&hellip;]","og_url":"https:\/\/izlozba.dizajn.hr\/1920\/ziri\/zeljko-serdarevic\/","og_site_name":"19\/20","article_modified_time":"2020-10-19T13:14:34+00:00","og_image":[{"width":600,"height":900,"url":"https:\/\/izlozba.dizajn.hr\/1920\/wp-content\/uploads\/2020\/10\/Zeljko-Serdarevic.jpg","type":"image\/jpeg"}],"twitter_card":"summary_large_image","twitter_misc":{"Procijenjeno vrijeme \u010ditanja":"1 minuta"},"schema":{"@context":"https:\/\/schema.org","@graph":[{"@type":"WebPage","@id":"https:\/\/izlozba.dizajn.hr\/1920\/ziri\/zeljko-serdarevic\/","url":"https:\/\/izlozba.dizajn.hr\/1920\/ziri\/zeljko-serdarevic\/","name":"\u017deljko Serdarevi\u0107 - 19\/20","isPartOf":{"@id":"https:\/\/izlozba.dizajn.hr\/1920\/#website"},"datePublished":"2020-10-07T09:57:47+00:00","dateModified":"2020-10-19T13:14:34+00:00","breadcrumb":{"@id":"https:\/\/izlozba.dizajn.hr\/1920\/ziri\/zeljko-serdarevic\/#breadcrumb"},"inLanguage":"hr","potentialAction":[{"@type":"ReadAction","target":["https:\/\/izlozba.dizajn.hr\/1920\/ziri\/zeljko-serdarevic\/"]}]},{"@type":"BreadcrumbList","@id":"https:\/\/izlozba.dizajn.hr\/1920\/ziri\/zeljko-serdarevic\/#breadcrumb","itemListElement":[{"@type":"ListItem","position":1,"name":"Po\u010detna stranica","item":"https:\/\/izlozba.dizajn.hr\/1920\/"},{"@type":"ListItem","position":2,"name":"\u017diri","item":"https:\/\/izlozba.dizajn.hr\/1920\/ziri\/"},{"@type":"ListItem","position":3,"name":"\u017deljko Serdarevi\u0107"}]},{"@type":"WebSite","@id":"https:\/\/izlozba.dizajn.hr\/1920\/#website","url":"https:\/\/izlozba.dizajn.hr\/1920\/","name":"19\/20","description":"Izlo\u017eba hrvatskog dizajna","potentialAction":[{"@type":"SearchAction","target":{"@type":"EntryPoint","urlTemplate":"https:\/\/izlozba.dizajn.hr\/1920\/?s={search_term_string}"},"query-input":"required name=search_term_string"}],"inLanguage":"hr"}]}},"_links":{"self":[{"href":"https:\/\/izlozba.dizajn.hr\/1920\/wp-json\/wp\/v2\/pages\/5583"}],"collection":[{"href":"https:\/\/izlozba.dizajn.hr\/1920\/wp-json\/wp\/v2\/pages"}],"about":[{"href":"https:\/\/izlozba.dizajn.hr\/1920\/wp-json\/wp\/v2\/types\/page"}],"author":[{"embeddable":true,"href":"https:\/\/izlozba.dizajn.hr\/1920\/wp-json\/wp\/v2\/users\/1"}],"replies":[{"embeddable":true,"href":"https:\/\/izlozba.dizajn.hr\/1920\/wp-json\/wp\/v2\/comments?post=5583"}],"version-history":[{"count":6,"href":"https:\/\/izlozba.dizajn.hr\/1920\/wp-json\/wp\/v2\/pages\/5583\/revisions"}],"predecessor-version":[{"id":5832,"href":"https:\/\/izlozba.dizajn.hr\/1920\/wp-json\/wp\/v2\/pages\/5583\/revisions\/5832"}],"up":[{"embeddable":true,"href":"https:\/\/izlozba.dizajn.hr\/1920\/wp-json\/wp\/v2\/pages\/5397"}],"wp:featuredmedia":[{"embeddable":true,"href":"https:\/\/izlozba.dizajn.hr\/1920\/wp-json\/wp\/v2\/media\/6650"}],"wp:attachment":[{"href":"https:\/\/izlozba.dizajn.hr\/1920\/wp-json\/wp\/v2\/media?parent=5583"}],"curies":[{"name":"wp","href":"https:\/\/api.w.org\/{rel}","templated":true}]}}

Željko Serdarević

<p><strong>Željko Serdarević</strong> aktivan je na kazališnoj i glazbenoj sceni od početka 1980-ih, a kao grafički dizajner afirmira se djelovanjem u sklopu <strong>Studija imitacija života</strong> (1987. – 1990.). Tijekom 1990-ih radi za kazališta i nakladnike u Austriji i Sloveniji, a 2003. godine u Zagrebu pokreće s <strong>Draganom Mileusnićem</strong> nakladu <strong><em>Postscriptum</em></strong> (<em>Leksikon YU mitologije</em>, <em>Od Bauhausa do našeg doma</em>). U suradnji s njim, oprema knjige malih nakladnika (Pelago, DAF), realizira projekte video-dizajna za kazališne i cirkuske spektakle (Tomaž Pandur, André Heller) te snima kratke eksperimentalne filmove.</p>
<p>Serdarevićevi projekti grafičkog dizajna su kroz proteklih petnaest godina najčešće bili povezani s filmom – dizajnirao je brojna izdanja <strong>Hrvatskog filmskog saveza</strong>, identitete filmskih festivala (<em>25 FPS</em>, <em>Dani hrvatskog filma</em>) te plakate za filmove i filmske izložbe (Bonobostudio, Mihovil Pansini, Jagoda Kaloper). Autor je opreme niza umjetničkih monografija (Tomaž Pandur, Dunja Vejzović, Nedeljko Dragić) i izložbenih kataloga (Goran Petercol, Edita Schubert) te dobitnik nagrada <strong><em>Salona mladih</em></strong>, <em><strong>Zagrebačkog salona</strong></em>, <strong><em>Zgrafa</em></strong> i <strong><em>Izložbe hrvatskog dizajna</em></strong>.</p>

<p>Željko Serdarević aktivan je na kazališnoj i glazbenoj sceni od početka 1980-ih, a kao grafički dizajner afirmira se djelovanjem u sklopu Studija imitacija života (1987. – 1990.). Tijekom 1990-ih radi za kazališta i nakladnike u Austriji i Sloveniji, a 2003. godine u Zagrebu pokreće s Draganom Mileusnićem nakladu Postscriptum (Leksikon YU mitologije, Od Bauhausa do [&hellip;]</p>

<!-- This site is optimized with the Yoast SEO plugin v21.9.1 - https://yoast.com/wordpress/plugins/seo/ -->
<title>Željko Serdarević - 19/20</title>
<meta name="robots" content="index, follow, max-snippet:-1, max-image-preview:large, max-video-preview:-1" />
<link rel="canonical" href="https://izlozba.dizajn.hr/1920/ziri/zeljko-serdarevic/" />
<meta property="og:locale" content="hr_HR" />
<meta property="og:type" content="article" />
<meta property="og:title" content="Željko Serdarević - 19/20" />
<meta property="og:description" content="Željko Serdarević aktivan je na kazališnoj i glazbenoj sceni od početka 1980-ih, a kao grafički dizajner afirmira se djelovanjem u sklopu Studija imitacija života (1987. – 1990.). Tijekom 1990-ih radi za kazališta i nakladnike u Austriji i Sloveniji, a 2003. godine u Zagrebu pokreće s Draganom Mileusnićem nakladu Postscriptum (Leksikon YU mitologije, Od Bauhausa do [&hellip;]" />
<meta property="og:url" content="https://izlozba.dizajn.hr/1920/ziri/zeljko-serdarevic/" />
<meta property="og:site_name" content="19/20" />
<meta property="article:modified_time" content="2020-10-19T13:14:34+00:00" />
<meta property="og:image" content="https://izlozba.dizajn.hr/1920/wp-content/uploads/2020/10/Zeljko-Serdarevic.jpg" />
	<meta property="og:image:width" content="600" />
	<meta property="og:image:height" content="900" />
	<meta property="og:image:type" content="image/jpeg" />
<meta name="twitter:card" content="summary_large_image" />
<meta name="twitter:label1" content="Procijenjeno vrijeme čitanja" />
	<meta name="twitter:data1" content="1 minuta" />
<script type="application/ld+json" class="yoast-schema-graph">{"@context":"https://schema.org","@graph":[{"@type":"WebPage","@id":"https://izlozba.dizajn.hr/1920/ziri/zeljko-serdarevic/","url":"https://izlozba.dizajn.hr/1920/ziri/zeljko-serdarevic/","name":"Željko Serdarević - 19/20","isPartOf":{"@id":"https://izlozba.dizajn.hr/1920/#website"},"datePublished":"2020-10-07T09:57:47+00:00","dateModified":"2020-10-19T13:14:34+00:00","breadcrumb":{"@id":"https://izlozba.dizajn.hr/1920/ziri/zeljko-serdarevic/#breadcrumb"},"inLanguage":"hr","potentialAction":[{"@type":"ReadAction","target":["https://izlozba.dizajn.hr/1920/ziri/zeljko-serdarevic/"]}]},{"@type":"BreadcrumbList","@id":"https://izlozba.dizajn.hr/1920/ziri/zeljko-serdarevic/#breadcrumb","itemListElement":[{"@type":"ListItem","position":1,"name":"Početna stranica","item":"https://izlozba.dizajn.hr/1920/"},{"@type":"ListItem","position":2,"name":"Žiri","item":"https://izlozba.dizajn.hr/1920/ziri/"},{"@type":"ListItem","position":3,"name":"Željko Serdarević"}]},{"@type":"WebSite","@id":"https://izlozba.dizajn.hr/1920/#website","url":"https://izlozba.dizajn.hr/1920/","name":"19/20","description":"Izložba hrvatskog dizajna","potentialAction":[{"@type":"SearchAction","target":{"@type":"EntryPoint","urlTemplate":"https://izlozba.dizajn.hr/1920/?s={search_term_string}"},"query-input":"required name=search_term_string"}],"inLanguage":"hr"}]}</script>
<!-- / Yoast SEO plugin. -->

Željko Serdarević - 19/20

Željko Serdarević aktivan je na kazališnoj i glazbenoj sceni od početka 1980-ih, a kao grafički dizajner afirmira se djelovanjem u sklopu Studija imitacija života (1987. – 1990.). Tijekom 1990-ih radi za kazališta i nakladnike u Austriji i Sloveniji, a 2003. godine u Zagrebu pokreće s Draganom Mileusnićem nakladu Postscriptum (Leksikon YU mitologije, Od Bauhausa do [&hellip;]

Početna stranica

Žiri

Izložba hrvatskog dizajna
