{"id":5581,"date":"2020-10-07T11:57:47","date_gmt":"2020-10-07T09:57:47","guid":{"rendered":"https:\/\/izlozba.dizajn.hr\/1920\/ziri\/sanja-bacharach-kristofic\/"},"modified":"2020-10-22T19:25:11","modified_gmt":"2020-10-22T17:25:11","slug":"sanja-bacharach-kristofic","status":"publish","type":"page","link":"https:\/\/izlozba.dizajn.hr\/1920\/ziri\/sanja-bacharach-kristofic\/","title":{"rendered":"Sanja Bacharach Kri\u0161tofi\u0107"},"content":{"rendered":"<p><strong>Sanja Bachrach Kri\u0161tofi\u0107<\/strong> grafi\u010dkim se dizajnom bavi od 1980. godine, otkada na dizajnerskoj sceni djeluje u tandemu sa suprugom <strong>Marijom Kri\u0161tofi\u0107em<\/strong>. Pod nazivom\u00a0<strong>Bachrach &amp; Kri\u0161tofi\u0107<\/strong>, stvaraju se vizualni identiteti, omoti plo\u010da, CD-ova, plakati i knjige, dok se u novije vrijeme ovaj dizajnersko-fotografski tandem bavi i koncepcijom i dizajnom postava izlo\u017ebi. Zajedno su osnivali umjetni\u010dku udrugu <strong><em>Kultura umjetnosti<\/em>\u00a0<\/strong>koja radi na istra\u017eivanju, o\u010duvanju i prezentaciji \u010desto zaboravljenih tema iz doma\u0107e povijesti dizajna.<\/p>\n<p>Sami po\u010deci djelovanja obilje\u017eeni su suradnjom sa\u00a0<strong>Studentskim centrom<\/strong>\u00a0u Zagrebu, za \u010diju su Galeriju\u00a0 oblikovali \u010dasopis\u00a0<strong><em>Akcent<\/em><\/strong>. Osamdesetih godina dizajneri su intenzivno sura\u0111ivali s vode\u0107im grupama novoga vala, poput\u00a0<strong>Doriana Graya<\/strong>\u00a0i\u00a0<strong>Denis &amp; Denis<\/strong>. Osim dugogodi\u0161nje suradnje s Jugotonom, koja se od devedesetih godina nastavila s\u00a0<strong>Croatiom Records<\/strong>, Bachrach &amp; Kri\u0161tofi\u0107 grafi\u010dki su oblikovali kataloge i monografije u izdanju\u00a0<strong>Galerije Klovi\u0107evi dvori<\/strong>\u00a0i\u00a0<strong>Muzeja suvremene umjetnost<\/strong>i. Osim zavr\u0161enog studija povijesti i filozofije na\u00a0<strong>Filozofskom fakultetu<\/strong>\u00a0u Zagrebu, Sanja Bachrach Kri\u0161tofi\u0107 diplomirala je i na\u00a0<strong>\u017denskim studijima<\/strong>\u00a01998. godine u Zagrebu.<\/p>\n<p>Zajedno sa suprugom, autorica je fotomonografije\u00a0<strong><em>Bachrach &amp; Kri\u0161tofi\u0107. Dvostuka igra \/ Nothing else matters<\/em><\/strong>\u00a0(2008.). U razdoblju od 1999. do 2003. godine, obna\u0161ala je du\u017enost predsjednice\u00a0<strong>Sekcije za grafi\u010dki dizajn ULUPUH<\/strong>-a, dok je od 2000. do 2003. bila njegova predsjednica. Dobitnica je vi\u0161e nagrada i priznanja, me\u0111u kojima se isti\u010du Nagrada za primijenjenu fotografiju\u00a0<strong><em>Photodays<\/em>\u00a0<\/strong>2011., priznanje\u00a0<em>Diamond Award Music Festivala<\/em>\u00a0u kategoriji najbolje svjetske studijske rock fotografije u Antwerpenu 1989. godine, te prva nagrada i realizacija natje\u010daja za vizualni identitet 20. salona mladih u Zagrebu 1988. godine. Godine 1984. kriti\u010dari \u010dasopisa\u00a0<strong><em>D\u017euboks<\/em>\u00a0<\/strong>i\u00a0<strong><em>Rock<\/em>\u00a0<\/strong>proglasili su omote plo\u010da bendova Dorian Gray i Denis &amp; Denis, najuspje\u0161nijim dizajnerskim ostvarenjem.<\/p>\n<blockquote><p>U tandemu Bachrach &amp; Kri\u0161tofi\u0107 nas je dvoje. Fotografijama smo htjeli izraziti razli\u010dita stanja i ideje. Mario iza, a ja ispred objektiva \u2212 mogla sam biti bilo tko. Tada izmjena identiteta ili uloga nije bila samo za kameru, ve\u0107 dio svakodnevnice. Nosila sam mu\u0161ka odijela i kravate, intenzivno tamno se \u0161minkala, nosila odje\u0107u od tila i najlona. Na svoj smo na\u010din \u017eeljeli re\u0107i da su sve te uloge, osobe, koje su dio nas \u2013 jednakovrijedne. Autoreferencijalnost upu\u0107uje na vlastitu situaciju, subjekt. Ova igra identitetima je bila osloba\u0111aju\u0107a i zabavna, a postojala je svugdje oko nas.<br \/>\n<strong>Sanja Bachrach Kri\u0161tofi\u0107<\/strong><\/p><\/blockquote>\n<p>Cijeli intervju sa \u017eiratoricom mo\u017eete prona\u0107i <a href=\"http:\/\/dizajn.hr\/blog\/intervju-sanja-bachrach-kristofic-dobar-dizajn-je-odgovor-na-stvarnost-koja-nas-okruzuje\/\">ovdje<\/a>.<\/p>\n","protected":false},"excerpt":{"rendered":"<p>Sanja Bachrach Kri\u0161tofi\u0107 grafi\u010dkim se dizajnom bavi od 1980. godine, otkada na dizajnerskoj sceni djeluje u tandemu sa suprugom Marijom Kri\u0161tofi\u0107em. Pod nazivom\u00a0Bachrach &amp; Kri\u0161tofi\u0107, stvaraju se vizualni identiteti, omoti plo\u010da, CD-ova, plakati i knjige, dok se u novije vrijeme ovaj dizajnersko-fotografski tandem bavi i koncepcijom i dizajnom postava izlo\u017ebi. Zajedno su osnivali umjetni\u010dku udrugu [&hellip;]<\/p>\n","protected":false},"author":1,"featured_media":5686,"parent":5397,"menu_order":1,"comment_status":"closed","ping_status":"closed","template":"templates\/template--jury-single.php","meta":{"footnotes":""},"yoast_head":"<!-- This site is optimized with the Yoast SEO plugin v21.9.1 - https:\/\/yoast.com\/wordpress\/plugins\/seo\/ -->\n<title>Sanja Bacharach Kri\u0161tofi\u0107 - 19\/20<\/title>\n<meta name=\"robots\" content=\"index, follow, max-snippet:-1, max-image-preview:large, max-video-preview:-1\" \/>\n<link rel=\"canonical\" href=\"https:\/\/izlozba.dizajn.hr\/1920\/ziri\/sanja-bacharach-kristofic\/\" \/>\n<meta property=\"og:locale\" content=\"hr_HR\" \/>\n<meta property=\"og:type\" content=\"article\" \/>\n<meta property=\"og:title\" content=\"Sanja Bacharach Kri\u0161tofi\u0107 - 19\/20\" \/>\n<meta property=\"og:description\" content=\"Sanja Bachrach Kri\u0161tofi\u0107 grafi\u010dkim se dizajnom bavi od 1980. godine, otkada na dizajnerskoj sceni djeluje u tandemu sa suprugom Marijom Kri\u0161tofi\u0107em. Pod nazivom\u00a0Bachrach &amp; Kri\u0161tofi\u0107, stvaraju se vizualni identiteti, omoti plo\u010da, CD-ova, plakati i knjige, dok se u novije vrijeme ovaj dizajnersko-fotografski tandem bavi i koncepcijom i dizajnom postava izlo\u017ebi. Zajedno su osnivali umjetni\u010dku udrugu [&hellip;]\" \/>\n<meta property=\"og:url\" content=\"https:\/\/izlozba.dizajn.hr\/1920\/ziri\/sanja-bacharach-kristofic\/\" \/>\n<meta property=\"og:site_name\" content=\"19\/20\" \/>\n<meta property=\"article:modified_time\" content=\"2020-10-22T17:25:11+00:00\" \/>\n<meta property=\"og:image\" content=\"https:\/\/izlozba.dizajn.hr\/1920\/wp-content\/uploads\/2020\/10\/Sanja-Bachrach-Kristofic.jpg\" \/>\n\t<meta property=\"og:image:width\" content=\"600\" \/>\n\t<meta property=\"og:image:height\" content=\"900\" \/>\n\t<meta property=\"og:image:type\" content=\"image\/jpeg\" \/>\n<meta name=\"twitter:card\" content=\"summary_large_image\" \/>\n<meta name=\"twitter:label1\" content=\"Procijenjeno vrijeme \u010ditanja\" \/>\n\t<meta name=\"twitter:data1\" content=\"2 minute\" \/>\n<script type=\"application\/ld+json\" class=\"yoast-schema-graph\">{\"@context\":\"https:\/\/schema.org\",\"@graph\":[{\"@type\":\"WebPage\",\"@id\":\"https:\/\/izlozba.dizajn.hr\/1920\/ziri\/sanja-bacharach-kristofic\/\",\"url\":\"https:\/\/izlozba.dizajn.hr\/1920\/ziri\/sanja-bacharach-kristofic\/\",\"name\":\"Sanja Bacharach Kri\u0161tofi\u0107 - 19\/20\",\"isPartOf\":{\"@id\":\"https:\/\/izlozba.dizajn.hr\/1920\/#website\"},\"datePublished\":\"2020-10-07T09:57:47+00:00\",\"dateModified\":\"2020-10-22T17:25:11+00:00\",\"breadcrumb\":{\"@id\":\"https:\/\/izlozba.dizajn.hr\/1920\/ziri\/sanja-bacharach-kristofic\/#breadcrumb\"},\"inLanguage\":\"hr\",\"potentialAction\":[{\"@type\":\"ReadAction\",\"target\":[\"https:\/\/izlozba.dizajn.hr\/1920\/ziri\/sanja-bacharach-kristofic\/\"]}]},{\"@type\":\"BreadcrumbList\",\"@id\":\"https:\/\/izlozba.dizajn.hr\/1920\/ziri\/sanja-bacharach-kristofic\/#breadcrumb\",\"itemListElement\":[{\"@type\":\"ListItem\",\"position\":1,\"name\":\"Po\u010detna stranica\",\"item\":\"https:\/\/izlozba.dizajn.hr\/1920\/\"},{\"@type\":\"ListItem\",\"position\":2,\"name\":\"\u017diri\",\"item\":\"https:\/\/izlozba.dizajn.hr\/1920\/ziri\/\"},{\"@type\":\"ListItem\",\"position\":3,\"name\":\"Sanja Bacharach Kri\u0161tofi\u0107\"}]},{\"@type\":\"WebSite\",\"@id\":\"https:\/\/izlozba.dizajn.hr\/1920\/#website\",\"url\":\"https:\/\/izlozba.dizajn.hr\/1920\/\",\"name\":\"19\/20\",\"description\":\"Izlo\u017eba hrvatskog dizajna\",\"potentialAction\":[{\"@type\":\"SearchAction\",\"target\":{\"@type\":\"EntryPoint\",\"urlTemplate\":\"https:\/\/izlozba.dizajn.hr\/1920\/?s={search_term_string}\"},\"query-input\":\"required name=search_term_string\"}],\"inLanguage\":\"hr\"}]}<\/script>\n<!-- \/ Yoast SEO plugin. -->","yoast_head_json":{"title":"Sanja Bacharach Kri\u0161tofi\u0107 - 19\/20","robots":{"index":"index","follow":"follow","max-snippet":"max-snippet:-1","max-image-preview":"max-image-preview:large","max-video-preview":"max-video-preview:-1"},"canonical":"https:\/\/izlozba.dizajn.hr\/1920\/ziri\/sanja-bacharach-kristofic\/","og_locale":"hr_HR","og_type":"article","og_title":"Sanja Bacharach Kri\u0161tofi\u0107 - 19\/20","og_description":"Sanja Bachrach Kri\u0161tofi\u0107 grafi\u010dkim se dizajnom bavi od 1980. godine, otkada na dizajnerskoj sceni djeluje u tandemu sa suprugom Marijom Kri\u0161tofi\u0107em. Pod nazivom\u00a0Bachrach &amp; Kri\u0161tofi\u0107, stvaraju se vizualni identiteti, omoti plo\u010da, CD-ova, plakati i knjige, dok se u novije vrijeme ovaj dizajnersko-fotografski tandem bavi i koncepcijom i dizajnom postava izlo\u017ebi. Zajedno su osnivali umjetni\u010dku udrugu [&hellip;]","og_url":"https:\/\/izlozba.dizajn.hr\/1920\/ziri\/sanja-bacharach-kristofic\/","og_site_name":"19\/20","article_modified_time":"2020-10-22T17:25:11+00:00","og_image":[{"width":600,"height":900,"url":"https:\/\/izlozba.dizajn.hr\/1920\/wp-content\/uploads\/2020\/10\/Sanja-Bachrach-Kristofic.jpg","type":"image\/jpeg"}],"twitter_card":"summary_large_image","twitter_misc":{"Procijenjeno vrijeme \u010ditanja":"2 minute"},"schema":{"@context":"https:\/\/schema.org","@graph":[{"@type":"WebPage","@id":"https:\/\/izlozba.dizajn.hr\/1920\/ziri\/sanja-bacharach-kristofic\/","url":"https:\/\/izlozba.dizajn.hr\/1920\/ziri\/sanja-bacharach-kristofic\/","name":"Sanja Bacharach Kri\u0161tofi\u0107 - 19\/20","isPartOf":{"@id":"https:\/\/izlozba.dizajn.hr\/1920\/#website"},"datePublished":"2020-10-07T09:57:47+00:00","dateModified":"2020-10-22T17:25:11+00:00","breadcrumb":{"@id":"https:\/\/izlozba.dizajn.hr\/1920\/ziri\/sanja-bacharach-kristofic\/#breadcrumb"},"inLanguage":"hr","potentialAction":[{"@type":"ReadAction","target":["https:\/\/izlozba.dizajn.hr\/1920\/ziri\/sanja-bacharach-kristofic\/"]}]},{"@type":"BreadcrumbList","@id":"https:\/\/izlozba.dizajn.hr\/1920\/ziri\/sanja-bacharach-kristofic\/#breadcrumb","itemListElement":[{"@type":"ListItem","position":1,"name":"Po\u010detna stranica","item":"https:\/\/izlozba.dizajn.hr\/1920\/"},{"@type":"ListItem","position":2,"name":"\u017diri","item":"https:\/\/izlozba.dizajn.hr\/1920\/ziri\/"},{"@type":"ListItem","position":3,"name":"Sanja Bacharach Kri\u0161tofi\u0107"}]},{"@type":"WebSite","@id":"https:\/\/izlozba.dizajn.hr\/1920\/#website","url":"https:\/\/izlozba.dizajn.hr\/1920\/","name":"19\/20","description":"Izlo\u017eba hrvatskog dizajna","potentialAction":[{"@type":"SearchAction","target":{"@type":"EntryPoint","urlTemplate":"https:\/\/izlozba.dizajn.hr\/1920\/?s={search_term_string}"},"query-input":"required name=search_term_string"}],"inLanguage":"hr"}]}},"_links":{"self":[{"href":"https:\/\/izlozba.dizajn.hr\/1920\/wp-json\/wp\/v2\/pages\/5581"}],"collection":[{"href":"https:\/\/izlozba.dizajn.hr\/1920\/wp-json\/wp\/v2\/pages"}],"about":[{"href":"https:\/\/izlozba.dizajn.hr\/1920\/wp-json\/wp\/v2\/types\/page"}],"author":[{"embeddable":true,"href":"https:\/\/izlozba.dizajn.hr\/1920\/wp-json\/wp\/v2\/users\/1"}],"replies":[{"embeddable":true,"href":"https:\/\/izlozba.dizajn.hr\/1920\/wp-json\/wp\/v2\/comments?post=5581"}],"version-history":[{"count":23,"href":"https:\/\/izlozba.dizajn.hr\/1920\/wp-json\/wp\/v2\/pages\/5581\/revisions"}],"predecessor-version":[{"id":6694,"href":"https:\/\/izlozba.dizajn.hr\/1920\/wp-json\/wp\/v2\/pages\/5581\/revisions\/6694"}],"up":[{"embeddable":true,"href":"https:\/\/izlozba.dizajn.hr\/1920\/wp-json\/wp\/v2\/pages\/5397"}],"wp:featuredmedia":[{"embeddable":true,"href":"https:\/\/izlozba.dizajn.hr\/1920\/wp-json\/wp\/v2\/media\/5686"}],"wp:attachment":[{"href":"https:\/\/izlozba.dizajn.hr\/1920\/wp-json\/wp\/v2\/media?parent=5581"}],"curies":[{"name":"wp","href":"https:\/\/api.w.org\/{rel}","templated":true}]}}