{"id":6657,"date":"2020-10-07T11:57:47","date_gmt":"2020-10-07T09:57:47","guid":{"rendered":"https:\/\/izlozba.dizajn.hr\/1920\/?page_id=6657"},"modified":"2020-10-19T16:54:35","modified_gmt":"2020-10-19T14:54:35","slug":"zeljko-serdarevic","status":"publish","type":"page","link":"https:\/\/izlozba.dizajn.hr\/1920\/en\/jury\/zeljko-serdarevic\/","title":{"rendered":"\u017deljko Serdarevi\u0107"},"content":{"rendered":"<p><strong>\u017deljko Serdarevi\u0107<\/strong> has been active on the theatre and music scene since the beginnings of the 1980s, while as a graphic designer he affirmed himself in the artistic group called <em>Studio imitacija \u017eivota<\/em> (1987 \u2013 1990). During the 1990s, he worked for the theatres and publishers in Austria and Slovenia. In 2003, together with <strong>Dragan Mileusni\u0107<\/strong>, he founded the publishing house <strong><em>Postscriptum<\/em><\/strong> (<em>Lexicon of YU Mythology<\/em>, <em>From Bauhaus to our home<\/em>). Together, they designed books by small publishers (Pelago, DAF), realized video-design project for the theatrical and circus spectacles (Toma\u017e Pandur, Andr\u00e9 Heller) and recorded short experimental films.<\/p>\n<p>For the last fifteen years,\u00a0 <strong>Serdarevi\u0107<\/strong>\u2019s projects in the field of the graphic design were mostly connected with the film industry \u2013 he designed many editions for the <strong>Croatian Film Association<\/strong>, identities of film festivals (<strong>25 FPS<\/strong>, <strong>Croatian Film Days<\/strong>), as well as film and film exhibition posters (<strong>Bonobostudio<\/strong>, <strong>Mihovil<\/strong> <strong>Pansini<\/strong>, <strong>Jagoda<\/strong> <strong>Kaloper<\/strong>). Serdarevi\u0107 also designed a series of art monographs (<strong>Toma\u017e<\/strong> <strong>Pandur<\/strong>, <strong>Dunja<\/strong> <strong>Vejzovi\u0107<\/strong>, <strong>Nedeljko<\/strong> <strong>Dragi\u0107<\/strong>) and exhibition catalogues (<strong>Goran<\/strong> <strong>Petercol<\/strong>, <strong>Edita<\/strong> <strong>Schubert<\/strong>). He was awarded by the Zagreb Youth Salon, Zagreb Salon and the Exhibition of Croatian Design.<\/p>\n","protected":false},"excerpt":{"rendered":"<p>\u017deljko Serdarevi\u0107 has been active on the theatre and music scene since the beginnings of the 1980s, while as a graphic designer he affirmed himself in the artistic group called Studio imitacija \u017eivota (1987 \u2013 1990). During the 1990s, he worked for the theatres and publishers in Austria and Slovenia. In 2003, together with Dragan [&hellip;]<\/p>\n","protected":false},"author":1,"featured_media":6651,"parent":5451,"menu_order":3,"comment_status":"closed","ping_status":"closed","template":"templates\/template--jury-single.php","meta":{"footnotes":""},"yoast_head":"<!-- This site is optimized with the Yoast SEO plugin v21.9.1 - https:\/\/yoast.com\/wordpress\/plugins\/seo\/ -->\n<title>\u017deljko Serdarevi\u0107 - 19\/20<\/title>\n<meta name=\"robots\" content=\"index, follow, max-snippet:-1, max-image-preview:large, max-video-preview:-1\" \/>\n<link rel=\"canonical\" href=\"https:\/\/izlozba.dizajn.hr\/1920\/ziri\/zeljko-serdarevic\/\" \/>\n<meta property=\"og:locale\" content=\"en_US\" \/>\n<meta property=\"og:type\" content=\"article\" \/>\n<meta property=\"og:title\" content=\"\u017deljko Serdarevi\u0107 - 19\/20\" \/>\n<meta property=\"og:description\" content=\"\u017deljko Serdarevi\u0107 has been active on the theatre and music scene since the beginnings of the 1980s, while as a graphic designer he affirmed himself in the artistic group called Studio imitacija \u017eivota (1987 \u2013 1990). During the 1990s, he worked for the theatres and publishers in Austria and Slovenia. In 2003, together with Dragan [&hellip;]\" \/>\n<meta property=\"og:url\" content=\"https:\/\/izlozba.dizajn.hr\/1920\/ziri\/zeljko-serdarevic\/\" \/>\n<meta property=\"og:site_name\" content=\"19\/20\" \/>\n<meta property=\"article:modified_time\" content=\"2020-10-19T14:54:35+00:00\" \/>\n<meta property=\"og:image\" content=\"https:\/\/izlozba.dizajn.hr\/1920\/wp-content\/uploads\/2020\/10\/Zeljko-Serdarevic.jpg\" \/>\n\t<meta property=\"og:image:width\" content=\"600\" \/>\n\t<meta property=\"og:image:height\" content=\"900\" \/>\n\t<meta property=\"og:image:type\" content=\"image\/jpeg\" \/>\n<meta name=\"twitter:card\" content=\"summary_large_image\" \/>\n<meta name=\"twitter:label1\" content=\"Est. reading time\" \/>\n\t<meta name=\"twitter:data1\" content=\"1 minute\" \/>\n<script type=\"application\/ld+json\" class=\"yoast-schema-graph\">{\"@context\":\"https:\/\/schema.org\",\"@graph\":[{\"@type\":\"WebPage\",\"@id\":\"https:\/\/izlozba.dizajn.hr\/1920\/ziri\/zeljko-serdarevic\/\",\"url\":\"https:\/\/izlozba.dizajn.hr\/1920\/ziri\/zeljko-serdarevic\/\",\"name\":\"\u017deljko Serdarevi\u0107 - 19\/20\",\"isPartOf\":{\"@id\":\"https:\/\/izlozba.dizajn.hr\/1920\/#website\"},\"datePublished\":\"2020-10-07T09:57:47+00:00\",\"dateModified\":\"2020-10-19T14:54:35+00:00\",\"breadcrumb\":{\"@id\":\"https:\/\/izlozba.dizajn.hr\/1920\/ziri\/zeljko-serdarevic\/#breadcrumb\"},\"inLanguage\":\"en-US\",\"potentialAction\":[{\"@type\":\"ReadAction\",\"target\":[\"https:\/\/izlozba.dizajn.hr\/1920\/ziri\/zeljko-serdarevic\/\"]}]},{\"@type\":\"BreadcrumbList\",\"@id\":\"https:\/\/izlozba.dizajn.hr\/1920\/ziri\/zeljko-serdarevic\/#breadcrumb\",\"itemListElement\":[{\"@type\":\"ListItem\",\"position\":1,\"name\":\"Po\u010detna stranica\",\"item\":\"https:\/\/izlozba.dizajn.hr\/1920\/\"},{\"@type\":\"ListItem\",\"position\":2,\"name\":\"Jury\",\"item\":\"https:\/\/izlozba.dizajn.hr\/1920\/ziri\/\"},{\"@type\":\"ListItem\",\"position\":3,\"name\":\"\u017deljko Serdarevi\u0107\"}]},{\"@type\":\"WebSite\",\"@id\":\"https:\/\/izlozba.dizajn.hr\/1920\/#website\",\"url\":\"https:\/\/izlozba.dizajn.hr\/1920\/\",\"name\":\"19\/20\",\"description\":\"Izlo\u017eba hrvatskog dizajna\",\"potentialAction\":[{\"@type\":\"SearchAction\",\"target\":{\"@type\":\"EntryPoint\",\"urlTemplate\":\"https:\/\/izlozba.dizajn.hr\/1920\/?s={search_term_string}\"},\"query-input\":\"required name=search_term_string\"}],\"inLanguage\":\"en-US\"}]}<\/script>\n<!-- \/ Yoast SEO plugin. -->","yoast_head_json":{"title":"\u017deljko Serdarevi\u0107 - 19\/20","robots":{"index":"index","follow":"follow","max-snippet":"max-snippet:-1","max-image-preview":"max-image-preview:large","max-video-preview":"max-video-preview:-1"},"canonical":"https:\/\/izlozba.dizajn.hr\/1920\/ziri\/zeljko-serdarevic\/","og_locale":"en_US","og_type":"article","og_title":"\u017deljko Serdarevi\u0107 - 19\/20","og_description":"\u017deljko Serdarevi\u0107 has been active on the theatre and music scene since the beginnings of the 1980s, while as a graphic designer he affirmed himself in the artistic group called Studio imitacija \u017eivota (1987 \u2013 1990). During the 1990s, he worked for the theatres and publishers in Austria and Slovenia. In 2003, together with Dragan [&hellip;]","og_url":"https:\/\/izlozba.dizajn.hr\/1920\/ziri\/zeljko-serdarevic\/","og_site_name":"19\/20","article_modified_time":"2020-10-19T14:54:35+00:00","og_image":[{"width":600,"height":900,"url":"https:\/\/izlozba.dizajn.hr\/1920\/wp-content\/uploads\/2020\/10\/Zeljko-Serdarevic.jpg","type":"image\/jpeg"}],"twitter_card":"summary_large_image","twitter_misc":{"Est. reading time":"1 minute"},"schema":{"@context":"https:\/\/schema.org","@graph":[{"@type":"WebPage","@id":"https:\/\/izlozba.dizajn.hr\/1920\/ziri\/zeljko-serdarevic\/","url":"https:\/\/izlozba.dizajn.hr\/1920\/ziri\/zeljko-serdarevic\/","name":"\u017deljko Serdarevi\u0107 - 19\/20","isPartOf":{"@id":"https:\/\/izlozba.dizajn.hr\/1920\/#website"},"datePublished":"2020-10-07T09:57:47+00:00","dateModified":"2020-10-19T14:54:35+00:00","breadcrumb":{"@id":"https:\/\/izlozba.dizajn.hr\/1920\/ziri\/zeljko-serdarevic\/#breadcrumb"},"inLanguage":"en-US","potentialAction":[{"@type":"ReadAction","target":["https:\/\/izlozba.dizajn.hr\/1920\/ziri\/zeljko-serdarevic\/"]}]},{"@type":"BreadcrumbList","@id":"https:\/\/izlozba.dizajn.hr\/1920\/ziri\/zeljko-serdarevic\/#breadcrumb","itemListElement":[{"@type":"ListItem","position":1,"name":"Po\u010detna stranica","item":"https:\/\/izlozba.dizajn.hr\/1920\/"},{"@type":"ListItem","position":2,"name":"Jury","item":"https:\/\/izlozba.dizajn.hr\/1920\/ziri\/"},{"@type":"ListItem","position":3,"name":"\u017deljko Serdarevi\u0107"}]},{"@type":"WebSite","@id":"https:\/\/izlozba.dizajn.hr\/1920\/#website","url":"https:\/\/izlozba.dizajn.hr\/1920\/","name":"19\/20","description":"Izlo\u017eba hrvatskog dizajna","potentialAction":[{"@type":"SearchAction","target":{"@type":"EntryPoint","urlTemplate":"https:\/\/izlozba.dizajn.hr\/1920\/?s={search_term_string}"},"query-input":"required name=search_term_string"}],"inLanguage":"en-US"}]}},"_links":{"self":[{"href":"https:\/\/izlozba.dizajn.hr\/1920\/en\/wp-json\/wp\/v2\/pages\/6657"}],"collection":[{"href":"https:\/\/izlozba.dizajn.hr\/1920\/en\/wp-json\/wp\/v2\/pages"}],"about":[{"href":"https:\/\/izlozba.dizajn.hr\/1920\/en\/wp-json\/wp\/v2\/types\/page"}],"author":[{"embeddable":true,"href":"https:\/\/izlozba.dizajn.hr\/1920\/en\/wp-json\/wp\/v2\/users\/1"}],"replies":[{"embeddable":true,"href":"https:\/\/izlozba.dizajn.hr\/1920\/en\/wp-json\/wp\/v2\/comments?post=6657"}],"version-history":[{"count":3,"href":"https:\/\/izlozba.dizajn.hr\/1920\/en\/wp-json\/wp\/v2\/pages\/6657\/revisions"}],"predecessor-version":[{"id":6671,"href":"https:\/\/izlozba.dizajn.hr\/1920\/en\/wp-json\/wp\/v2\/pages\/6657\/revisions\/6671"}],"up":[{"embeddable":true,"href":"https:\/\/izlozba.dizajn.hr\/1920\/en\/wp-json\/wp\/v2\/pages\/5451"}],"wp:featuredmedia":[{"embeddable":true,"href":"https:\/\/izlozba.dizajn.hr\/1920\/en\/wp-json\/wp\/v2\/media\/6651"}],"wp:attachment":[{"href":"https:\/\/izlozba.dizajn.hr\/1920\/en\/wp-json\/wp\/v2\/media?parent=6657"}],"curies":[{"name":"wp","href":"https:\/\/api.w.org\/{rel}","templated":true}]}}

Željko Serdarević

<p><strong>Željko Serdarević</strong> has been active on the theatre and music scene since the beginnings of the 1980s, while as a graphic designer he affirmed himself in the artistic group called <em>Studio imitacija života</em> (1987 – 1990). During the 1990s, he worked for the theatres and publishers in Austria and Slovenia. In 2003, together with <strong>Dragan Mileusnić</strong>, he founded the publishing house <strong><em>Postscriptum</em></strong> (<em>Lexicon of YU Mythology</em>, <em>From Bauhaus to our home</em>). Together, they designed books by small publishers (Pelago, DAF), realized video-design project for the theatrical and circus spectacles (Tomaž Pandur, André Heller) and recorded short experimental films.</p>
<p>For the last fifteen years,  <strong>Serdarević</strong>’s projects in the field of the graphic design were mostly connected with the film industry – he designed many editions for the <strong>Croatian Film Association</strong>, identities of film festivals (<strong>25 FPS</strong>, <strong>Croatian Film Days</strong>), as well as film and film exhibition posters (<strong>Bonobostudio</strong>, <strong>Mihovil</strong> <strong>Pansini</strong>, <strong>Jagoda</strong> <strong>Kaloper</strong>). Serdarević also designed a series of art monographs (<strong>Tomaž</strong> <strong>Pandur</strong>, <strong>Dunja</strong> <strong>Vejzović</strong>, <strong>Nedeljko</strong> <strong>Dragić</strong>) and exhibition catalogues (<strong>Goran</strong> <strong>Petercol</strong>, <strong>Edita</strong> <strong>Schubert</strong>). He was awarded by the Zagreb Youth Salon, Zagreb Salon and the Exhibition of Croatian Design.</p>

<p>Željko Serdarević has been active on the theatre and music scene since the beginnings of the 1980s, while as a graphic designer he affirmed himself in the artistic group called Studio imitacija života (1987 – 1990). During the 1990s, he worked for the theatres and publishers in Austria and Slovenia. In 2003, together with Dragan [&hellip;]</p>

<!-- This site is optimized with the Yoast SEO plugin v21.9.1 - https://yoast.com/wordpress/plugins/seo/ -->
<title>Željko Serdarević - 19/20</title>
<meta name="robots" content="index, follow, max-snippet:-1, max-image-preview:large, max-video-preview:-1" />
<link rel="canonical" href="https://izlozba.dizajn.hr/1920/ziri/zeljko-serdarevic/" />
<meta property="og:locale" content="en_US" />
<meta property="og:type" content="article" />
<meta property="og:title" content="Željko Serdarević - 19/20" />
<meta property="og:description" content="Željko Serdarević has been active on the theatre and music scene since the beginnings of the 1980s, while as a graphic designer he affirmed himself in the artistic group called Studio imitacija života (1987 – 1990). During the 1990s, he worked for the theatres and publishers in Austria and Slovenia. In 2003, together with Dragan [&hellip;]" />
<meta property="og:url" content="https://izlozba.dizajn.hr/1920/ziri/zeljko-serdarevic/" />
<meta property="og:site_name" content="19/20" />
<meta property="article:modified_time" content="2020-10-19T14:54:35+00:00" />
<meta property="og:image" content="https://izlozba.dizajn.hr/1920/wp-content/uploads/2020/10/Zeljko-Serdarevic.jpg" />
	<meta property="og:image:width" content="600" />
	<meta property="og:image:height" content="900" />
	<meta property="og:image:type" content="image/jpeg" />
<meta name="twitter:card" content="summary_large_image" />
<meta name="twitter:label1" content="Est. reading time" />
	<meta name="twitter:data1" content="1 minute" />
<script type="application/ld+json" class="yoast-schema-graph">{"@context":"https://schema.org","@graph":[{"@type":"WebPage","@id":"https://izlozba.dizajn.hr/1920/ziri/zeljko-serdarevic/","url":"https://izlozba.dizajn.hr/1920/ziri/zeljko-serdarevic/","name":"Željko Serdarević - 19/20","isPartOf":{"@id":"https://izlozba.dizajn.hr/1920/#website"},"datePublished":"2020-10-07T09:57:47+00:00","dateModified":"2020-10-19T14:54:35+00:00","breadcrumb":{"@id":"https://izlozba.dizajn.hr/1920/ziri/zeljko-serdarevic/#breadcrumb"},"inLanguage":"en-US","potentialAction":[{"@type":"ReadAction","target":["https://izlozba.dizajn.hr/1920/ziri/zeljko-serdarevic/"]}]},{"@type":"BreadcrumbList","@id":"https://izlozba.dizajn.hr/1920/ziri/zeljko-serdarevic/#breadcrumb","itemListElement":[{"@type":"ListItem","position":1,"name":"Početna stranica","item":"https://izlozba.dizajn.hr/1920/"},{"@type":"ListItem","position":2,"name":"Jury","item":"https://izlozba.dizajn.hr/1920/ziri/"},{"@type":"ListItem","position":3,"name":"Željko Serdarević"}]},{"@type":"WebSite","@id":"https://izlozba.dizajn.hr/1920/#website","url":"https://izlozba.dizajn.hr/1920/","name":"19/20","description":"Izložba hrvatskog dizajna","potentialAction":[{"@type":"SearchAction","target":{"@type":"EntryPoint","urlTemplate":"https://izlozba.dizajn.hr/1920/?s={search_term_string}"},"query-input":"required name=search_term_string"}],"inLanguage":"en-US"}]}</script>
<!-- / Yoast SEO plugin. -->

Željko Serdarević - 19/20

Željko Serdarević has been active on the theatre and music scene since the beginnings of the 1980s, while as a graphic designer he affirmed himself in the artistic group called Studio imitacija života (1987 – 1990). During the 1990s, he worked for the theatres and publishers in Austria and Slovenia. In 2003, together with Dragan [&hellip;]

Početna stranica

Izložba hrvatskog dizajna
